{"id":38251,"date":"2024-12-26T18:28:54","date_gmt":"2024-12-26T17:28:54","guid":{"rendered":"https:\/\/www.atta45.se\/e-butik\/?post_type=product&#038;p=38251"},"modified":"2025-10-28T05:12:23","modified_gmt":"2025-10-28T04:12:23","slug":"uppblasbar-fotolj","status":"publish","type":"product","link":"https:\/\/www.atta45.se\/e-butik\/produkt\/uppblasbar-fotolj\/","title":{"rendered":"F\u00e5t\u00f6lj uppbl\u00e5sbar"},"content":{"rendered":"<p>Uppbl\u00e5sbar stol.  designen g\u00f6r den i\u00f6gonfallande med ett h\u00f6gkvalitativt utseende. Den \u00e4r tillverkad av v\u00e5r inre uppbl\u00e5sbara struktur i TPU \/ PVC-material och t\u00e4cks sedan av ett h\u00f6gkvalitativt polyesterstycksskal som \u00e4r tryckt med h\u00f6gkvalitativ digital f\u00e4rg\u00e4mnesublimering. Det h\u00e4r materialet vi g\u00f6r g\u00f6r den h\u00e4r produkten h\u00e5llbar, l\u00e4tt att transportera, tv\u00e4tta och reparera vid behov. Trycket \u00e4r helt anpassningsbart; vi trycker n\u00e4stan vilken design som helst!<\/p>\n<p> Kan v\u00e4lja mellan PVC och TPU i material. Fullf\u00e4rgstryck Kontakta oss f\u00f6r tryckkostnad<\/p>\n","protected":false},"excerpt":{"rendered":"<p>Uppbl\u00e5sbar stol. designen g\u00f6r den i\u00f6gonfallande med ett h\u00f6gkvalitativt utseende. Den \u00e4r tillverkad av v\u00e5r inre uppbl\u00e5sbara struktur i TPU \/ PVC-material och t\u00e4cks sedan av ett h\u00f6gkvalitativt polyesterstycksskal som \u00e4r tryckt med h\u00f6gkvalitativ digital f\u00e4rg\u00e4mnesublimering. Det h\u00e4r materialet vi g\u00f6r g\u00f6r den h\u00e4r produkten h\u00e5llbar, l\u00e4tt att transportera, tv\u00e4tta och reparera vid behov. Trycket [&hellip;]<\/p>\n","protected":false},"featured_media":38252,"template":"","meta":{"_acf_changed":false,"_seopress_robots_primary_cat":"","_seopress_titles_title":"","_seopress_titles_desc":"","_seopress_robots_index":""},"product_brand":[],"product_cat":[15],"product_tag":[],"class_list":{"0":"post-38251","1":"product","2":"type-product","3":"status-publish","4":"has-post-thumbnail","6":"product_cat-okategoriserad","7":"atta45_taxonomy-expo-event-talt-talt-sv","8":"atta45_taxonomy-trading-expo-event-talt-talt-sv","10":"first","11":"instock","12":"taxable","13":"shipping-taxable","14":"purchasable","15":"product-type-variable"},"acf":[],"_links":{"self":[{"href":"https:\/\/www.atta45.se\/e-butik\/wp-json\/wp\/v2\/product\/38251","targetHints":{"allow":["GET"]}}],"collection":[{"href":"https:\/\/www.atta45.se\/e-butik\/wp-json\/wp\/v2\/product"}],"about":[{"href":"https:\/\/www.atta45.se\/e-butik\/wp-json\/wp\/v2\/types\/product"}],"wp:featuredmedia":[{"embeddable":true,"href":"https:\/\/www.atta45.se\/e-butik\/wp-json\/wp\/v2\/media\/38252"}],"wp:attachment":[{"href":"https:\/\/www.atta45.se\/e-butik\/wp-json\/wp\/v2\/media?parent=38251"}],"wp:term":[{"taxonomy":"product_brand","embeddable":true,"href":"https:\/\/www.atta45.se\/e-butik\/wp-json\/wp\/v2\/product_brand?post=38251"},{"taxonomy":"product_cat","embeddable":true,"href":"https:\/\/www.atta45.se\/e-butik\/wp-json\/wp\/v2\/product_cat?post=38251"},{"taxonomy":"product_tag","embeddable":true,"href":"https:\/\/www.atta45.se\/e-butik\/wp-json\/wp\/v2\/product_tag?post=38251"}],"curies":[{"name":"wp","href":"https:\/\/api.w.org\/{rel}","templated":true}]}}