{"id":38237,"date":"2024-12-26T18:28:42","date_gmt":"2024-12-26T17:28:42","guid":{"rendered":"https:\/\/www.atta45.se\/e-butik\/?post_type=product&#038;p=38237"},"modified":"2025-10-28T05:11:55","modified_gmt":"2025-10-28T04:11:55","slug":"uppblasbar-reklampelare-2-m","status":"publish","type":"product","link":"https:\/\/www.atta45.se\/e-butik\/produkt\/uppblasbar-reklampelare-2-m\/","title":{"rendered":"Reklampelare, uppbl\u00e5sbar  2 m"},"content":{"rendered":"<p>V\u00e5ra &#8217;tysta&#8217; uppbl\u00e5sbara reklampelare kr\u00e4ver ingen permanent luftfl\u00e4kt, vilket g\u00f6r dem tysta. En extremt praktisk funktion \u00e4r att du kan placera denna effektiva, uppbl\u00e5sbara reklampelare var du vill &#8211; oavsett var str\u00f6mf\u00f6rs\u00f6rjningen \u00e4r.<br \/>Som ett alternativ kan effektiv LED-belysning l\u00e4ggas till s\u00e5 att din reklampelare kan fungera effektivt \u00e4ven i m\u00f6rkret.<\/p>\n<p>Storlek 2 m, kan v\u00e4lja mellan PVC och TPU i material. Fullf\u00e4rgstryck Kontakta oss f\u00f6r tryckkostnad<\/p>\n","protected":false},"excerpt":{"rendered":"<p>V\u00e5ra &#8217;tysta&#8217; uppbl\u00e5sbara reklampelare kr\u00e4ver ingen permanent luftfl\u00e4kt, vilket g\u00f6r dem tysta. En extremt praktisk funktion \u00e4r att du kan placera denna effektiva, uppbl\u00e5sbara reklampelare var du vill &#8211; oavsett var str\u00f6mf\u00f6rs\u00f6rjningen \u00e4r.Som ett alternativ kan effektiv LED-belysning l\u00e4ggas till s\u00e5 att din reklampelare kan fungera effektivt \u00e4ven i m\u00f6rkret. Storlek 2 m, kan v\u00e4lja [&hellip;]<\/p>\n","protected":false},"featured_media":38238,"template":"","meta":{"_acf_changed":false,"_seopress_robots_primary_cat":"","_seopress_titles_title":"","_seopress_titles_desc":"","_seopress_robots_index":""},"product_brand":[],"product_cat":[15],"product_tag":[],"class_list":{"0":"post-38237","1":"product","2":"type-product","3":"status-publish","4":"has-post-thumbnail","6":"product_cat-okategoriserad","7":"atta45_taxonomy-expo-event-talt-talt-sv","8":"atta45_taxonomy-trading-expo-event-talt-talt-sv","10":"first","11":"instock","12":"taxable","13":"shipping-taxable","14":"purchasable","15":"product-type-variable"},"acf":[],"_links":{"self":[{"href":"https:\/\/www.atta45.se\/e-butik\/wp-json\/wp\/v2\/product\/38237","targetHints":{"allow":["GET"]}}],"collection":[{"href":"https:\/\/www.atta45.se\/e-butik\/wp-json\/wp\/v2\/product"}],"about":[{"href":"https:\/\/www.atta45.se\/e-butik\/wp-json\/wp\/v2\/types\/product"}],"wp:featuredmedia":[{"embeddable":true,"href":"https:\/\/www.atta45.se\/e-butik\/wp-json\/wp\/v2\/media\/38238"}],"wp:attachment":[{"href":"https:\/\/www.atta45.se\/e-butik\/wp-json\/wp\/v2\/media?parent=38237"}],"wp:term":[{"taxonomy":"product_brand","embeddable":true,"href":"https:\/\/www.atta45.se\/e-butik\/wp-json\/wp\/v2\/product_brand?post=38237"},{"taxonomy":"product_cat","embeddable":true,"href":"https:\/\/www.atta45.se\/e-butik\/wp-json\/wp\/v2\/product_cat?post=38237"},{"taxonomy":"product_tag","embeddable":true,"href":"https:\/\/www.atta45.se\/e-butik\/wp-json\/wp\/v2\/product_tag?post=38237"}],"curies":[{"name":"wp","href":"https:\/\/api.w.org\/{rel}","templated":true}]}}

Reklampelare, uppblåsbar  2 m

<p>Våra &#8217;tysta&#8217; uppblåsbara reklampelare kräver ingen permanent luftfläkt, vilket gör dem tysta. En extremt praktisk funktion är att du kan placera denna effektiva, uppblåsbara reklampelare var du vill &#8211; oavsett var strömförsörjningen är.<br />Som ett alternativ kan effektiv LED-belysning läggas till så att din reklampelare kan fungera effektivt även i mörkret.</p>
<p>Storlek 2 m, kan välja mellan PVC och TPU i material. Fullfärgstryck Kontakta oss för tryckkostnad</p>

<p>Våra &#8217;tysta&#8217; uppblåsbara reklampelare kräver ingen permanent luftfläkt, vilket gör dem tysta. En extremt praktisk funktion är att du kan placera denna effektiva, uppblåsbara reklampelare var du vill &#8211; oavsett var strömförsörjningen är.Som ett alternativ kan effektiv LED-belysning läggas till så att din reklampelare kan fungera effektivt även i mörkret. Storlek 2 m, kan välja [&hellip;]</p>
