{"id":381621,"date":"2025-09-12T20:46:14","date_gmt":"2025-09-12T18:46:14","guid":{"rendered":"https:\/\/www.atta45.se\/e-butik\/produkt\/mugg-julset-winter-apollo\/"},"modified":"2025-10-28T05:31:57","modified_gmt":"2025-10-28T04:31:57","slug":"mugg-julset-winter-apollo","status":"publish","type":"product","link":"https:\/\/www.atta45.se\/e-butik\/produkt\/mugg-julset-winter-apollo\/","title":{"rendered":"Julset Winter flaska Apollo"},"content":{"rendered":"<p>Setet inneh\u00e5ller:<\/p>\n<p>Praktisk svart Apollo termosflaska.<br \/>Tranb\u00e4rspraliner i vit, mj\u00f6lk- och m\u00f6rk choklad.<br \/>Aromatiska Arabica Brazil Cerrado Mineiro-kaffeb\u00f6nor i en 150 g burk.<br \/>Delicate Delights-praliner \u2013 svarta vinb\u00e4r i vit choklad med hallonpulver 80 g.<\/p>\n<p>Exklusiv presentask med magnetf\u00f6rslutning och m\u00f6jlighet att l\u00e4gga till ett matchande band och logotypkort.<\/p>\n<p>Cupline<\/p>\n","protected":false},"excerpt":{"rendered":"<p>Setet inneh\u00e5ller: Praktisk svart Apollo termosflaska.Tranb\u00e4rspraliner i vit, mj\u00f6lk- och m\u00f6rk choklad.Aromatiska Arabica Brazil Cerrado Mineiro-kaffeb\u00f6nor i en 150 g burk.Delicate Delights-praliner \u2013 svarta vinb\u00e4r i vit choklad med hallonpulver 80 g. Exklusiv presentask med magnetf\u00f6rslutning och m\u00f6jlighet att l\u00e4gga till ett matchande band och logotypkort. Cupline<\/p>\n","protected":false},"featured_media":0,"template":"","meta":{"_acf_changed":false,"_seopress_robots_primary_cat":"","_seopress_titles_title":"","_seopress_titles_desc":"","_seopress_robots_index":""},"product_brand":[],"product_cat":[15],"product_tag":[],"class_list":{"0":"post-381621","1":"product","2":"type-product","3":"status-publish","5":"product_cat-okategoriserad","6":"atta45_taxonomy-tema-inspiration-varumarken-cupline-sv","7":"atta45_taxonomy-tema-inspiration-ogonblick-jul-sv","8":"atta45_taxonomy-hem-hushall-muggar-sv","9":"atta45_taxonomy-muggar-muggar-sv","10":"atta45_taxonomy-nyheter-sv","12":"first","13":"instock","14":"taxable","15":"shipping-taxable","16":"purchasable","17":"product-type-variable"},"acf":[],"_links":{"self":[{"href":"https:\/\/www.atta45.se\/e-butik\/wp-json\/wp\/v2\/product\/381621","targetHints":{"allow":["GET"]}}],"collection":[{"href":"https:\/\/www.atta45.se\/e-butik\/wp-json\/wp\/v2\/product"}],"about":[{"href":"https:\/\/www.atta45.se\/e-butik\/wp-json\/wp\/v2\/types\/product"}],"wp:attachment":[{"href":"https:\/\/www.atta45.se\/e-butik\/wp-json\/wp\/v2\/media?parent=381621"}],"wp:term":[{"taxonomy":"product_brand","embeddable":true,"href":"https:\/\/www.atta45.se\/e-butik\/wp-json\/wp\/v2\/product_brand?post=381621"},{"taxonomy":"product_cat","embeddable":true,"href":"https:\/\/www.atta45.se\/e-butik\/wp-json\/wp\/v2\/product_cat?post=381621"},{"taxonomy":"product_tag","embeddable":true,"href":"https:\/\/www.atta45.se\/e-butik\/wp-json\/wp\/v2\/product_tag?post=381621"}],"curies":[{"name":"wp","href":"https:\/\/api.w.org\/{rel}","templated":true}]}}