{"id":381464,"date":"2025-09-05T22:45:14","date_gmt":"2025-09-05T20:45:14","guid":{"rendered":"https:\/\/www.atta45.se\/e-butik\/produkt\/pennfodral-i-lader-nadir\/"},"modified":"2025-10-27T21:56:03","modified_gmt":"2025-10-27T20:56:03","slug":"pennfodral-i-lader-nadir","status":"publish","type":"product","link":"https:\/\/www.atta45.se\/e-butik\/produkt\/pennfodral-i-lader-nadir\/","title":{"rendered":"Pennfodral i l\u00e4der, Nadir"},"content":{"rendered":"<p>Pennficka i l\u00e4der (2-lagers) med klaff och b\u00e4ltesliknande st\u00e4ngning. Mjuk sammetsinredning. Individuellt f\u00f6rpackad i svart kartongfodral. Kol\u00e4der.<\/p>\n","protected":false},"excerpt":{"rendered":"<p>Pennficka i l\u00e4der (2-lagers) med klaff och b\u00e4ltesliknande st\u00e4ngning. Mjuk sammetsinredning. Individuellt f\u00f6rpackad i svart kartongfodral. Kol\u00e4der.<\/p>\n","protected":false},"featured_media":381465,"template":"","meta":{"_acf_changed":false,"_seopress_robots_primary_cat":"","_seopress_titles_title":"","_seopress_titles_desc":"","_seopress_robots_index":""},"product_brand":[],"product_cat":[15],"product_tag":[],"class_list":{"0":"post-381464","1":"product","2":"type-product","3":"status-publish","4":"has-post-thumbnail","6":"product_cat-okategoriserad","7":"atta45_taxonomy-elektronik-kontor-kontorsartiklar-sv","8":"atta45_taxonomy-nyheter-sv","9":"atta45_taxonomy-tema-inspiration-utvalda-produkter-nyheter-sv","11":"first","12":"instock","13":"taxable","14":"shipping-taxable","15":"purchasable","16":"product-type-variable"},"acf":[],"_links":{"self":[{"href":"https:\/\/www.atta45.se\/e-butik\/wp-json\/wp\/v2\/product\/381464","targetHints":{"allow":["GET"]}}],"collection":[{"href":"https:\/\/www.atta45.se\/e-butik\/wp-json\/wp\/v2\/product"}],"about":[{"href":"https:\/\/www.atta45.se\/e-butik\/wp-json\/wp\/v2\/types\/product"}],"wp:featuredmedia":[{"embeddable":true,"href":"https:\/\/www.atta45.se\/e-butik\/wp-json\/wp\/v2\/media\/381465"}],"wp:attachment":[{"href":"https:\/\/www.atta45.se\/e-butik\/wp-json\/wp\/v2\/media?parent=381464"}],"wp:term":[{"taxonomy":"product_brand","embeddable":true,"href":"https:\/\/www.atta45.se\/e-butik\/wp-json\/wp\/v2\/product_brand?post=381464"},{"taxonomy":"product_cat","embeddable":true,"href":"https:\/\/www.atta45.se\/e-butik\/wp-json\/wp\/v2\/product_cat?post=381464"},{"taxonomy":"product_tag","embeddable":true,"href":"https:\/\/www.atta45.se\/e-butik\/wp-json\/wp\/v2\/product_tag?post=381464"}],"curies":[{"name":"wp","href":"https:\/\/api.w.org\/{rel}","templated":true}]}}