{"id":380756,"date":"2025-09-05T21:53:13","date_gmt":"2025-09-05T19:53:13","guid":{"rendered":"https:\/\/www.atta45.se\/e-butik\/produkt\/bagagebricka-atervunnet-pu-kaia\/"},"modified":"2025-10-27T21:44:51","modified_gmt":"2025-10-27T20:44:51","slug":"bagagebricka-atervunnet-pu-kaia","status":"publish","type":"product","link":"https:\/\/www.atta45.se\/e-butik\/produkt\/bagagebricka-atervunnet-pu-kaia\/","title":{"rendered":"Bagagebricka, \u00c5tervunnet PU, Kaia"},"content":{"rendered":"<p>Tagg i \u00e5tervunnen PU med rem f\u00f6r s\u00e4ker fasts\u00e4ttning p\u00e5 dina tillh\u00f6righeter. Har en inbyggd Apple FindMy-sp\u00e5rare med plats inuti f\u00f6r en insticksbricka med personlig information. Anv\u00e4nder &#8221;Impression&#8221; som enhetsnamn och inkluderar Impression-logotypen f\u00f6r ID-registrering. Individuellt f\u00f6rpackad i en kraftpappersl\u00e5da.<\/p>\n","protected":false},"excerpt":{"rendered":"<p>Tagg i \u00e5tervunnen PU med rem f\u00f6r s\u00e4ker fasts\u00e4ttning p\u00e5 dina tillh\u00f6righeter. Har en inbyggd Apple FindMy-sp\u00e5rare med plats inuti f\u00f6r en insticksbricka med personlig information. Anv\u00e4nder &#8221;Impression&#8221; som enhetsnamn och inkluderar Impression-logotypen f\u00f6r ID-registrering. Individuellt f\u00f6rpackad i en kraftpappersl\u00e5da.<\/p>\n","protected":false},"featured_media":380757,"template":"","meta":{"_acf_changed":false,"_seopress_robots_primary_cat":"","_seopress_titles_title":"","_seopress_titles_desc":"","_seopress_robots_index":""},"product_brand":[],"product_cat":[15],"product_tag":[],"class_list":{"0":"post-380756","1":"product","2":"type-product","3":"status-publish","4":"has-post-thumbnail","6":"product_cat-okategoriserad","7":"atta45_taxonomy-vaskor-resetillbehor-bagagebrickor-sv","8":"atta45_taxonomy-tema-inspiration-utvalda-produkter-nyheter-sv","9":"atta45_taxonomy-nyheter-sv","10":"atta45_taxonomy-vaskor-resetillbehor-researtiklar-sv","11":"atta45_taxonomy-vaskor-resetillbehor-sv","13":"first","14":"instock","15":"taxable","16":"shipping-taxable","17":"purchasable","18":"product-type-variable"},"acf":[],"_links":{"self":[{"href":"https:\/\/www.atta45.se\/e-butik\/wp-json\/wp\/v2\/product\/380756","targetHints":{"allow":["GET"]}}],"collection":[{"href":"https:\/\/www.atta45.se\/e-butik\/wp-json\/wp\/v2\/product"}],"about":[{"href":"https:\/\/www.atta45.se\/e-butik\/wp-json\/wp\/v2\/types\/product"}],"wp:featuredmedia":[{"embeddable":true,"href":"https:\/\/www.atta45.se\/e-butik\/wp-json\/wp\/v2\/media\/380757"}],"wp:attachment":[{"href":"https:\/\/www.atta45.se\/e-butik\/wp-json\/wp\/v2\/media?parent=380756"}],"wp:term":[{"taxonomy":"product_brand","embeddable":true,"href":"https:\/\/www.atta45.se\/e-butik\/wp-json\/wp\/v2\/product_brand?post=380756"},{"taxonomy":"product_cat","embeddable":true,"href":"https:\/\/www.atta45.se\/e-butik\/wp-json\/wp\/v2\/product_cat?post=380756"},{"taxonomy":"product_tag","embeddable":true,"href":"https:\/\/www.atta45.se\/e-butik\/wp-json\/wp\/v2\/product_tag?post=380756"}],"curies":[{"name":"wp","href":"https:\/\/api.w.org\/{rel}","templated":true}]}}