{"id":380720,"date":"2025-09-05T21:49:16","date_gmt":"2025-09-05T19:49:16","guid":{"rendered":"https:\/\/www.atta45.se\/e-butik\/produkt\/passhallare-i-atervunnet-pu-mavi\/"},"modified":"2025-10-27T21:44:23","modified_gmt":"2025-10-27T20:44:23","slug":"passhallare-i-atervunnet-pu-mavi","status":"publish","type":"product","link":"https:\/\/www.atta45.se\/e-butik\/produkt\/passhallare-i-atervunnet-pu-mavi\/","title":{"rendered":"Passh\u00e5llare, i \u00e5tervunnet PU, Mavi"},"content":{"rendered":"<p>Passfodral i \u00e5tervunnet PU-h\u00e5rdp\u00e4rm med magnetisk st\u00e4ngning och inbyggd Apple FindMy-tracker i fliken. Har tre inv\u00e4ndiga fack f\u00f6r att organisera dokument och kort. Anv\u00e4nder &#8221;Impression&#8221; som enhetsnamn och inkluderar Impression-logotypen f\u00f6r ID-registrering. Individuellt f\u00f6rpackad i en kraftpappersask.<\/p>\n","protected":false},"excerpt":{"rendered":"<p>Passfodral i \u00e5tervunnet PU-h\u00e5rdp\u00e4rm med magnetisk st\u00e4ngning och inbyggd Apple FindMy-tracker i fliken. Har tre inv\u00e4ndiga fack f\u00f6r att organisera dokument och kort. Anv\u00e4nder &#8221;Impression&#8221; som enhetsnamn och inkluderar Impression-logotypen f\u00f6r ID-registrering. Individuellt f\u00f6rpackad i en kraftpappersask.<\/p>\n","protected":false},"featured_media":380721,"template":"","meta":{"_acf_changed":false,"_seopress_robots_primary_cat":"","_seopress_titles_title":"","_seopress_titles_desc":"","_seopress_robots_index":""},"product_brand":[],"product_cat":[15],"product_tag":[],"class_list":{"0":"post-380720","1":"product","2":"type-product","3":"status-publish","4":"has-post-thumbnail","6":"product_cat-okategoriserad","7":"atta45_taxonomy-nyheter-sv","8":"atta45_taxonomy-tema-inspiration-utvalda-produkter-nyheter-sv","9":"atta45_taxonomy-vaskor-resetillbehor-researtiklar-sv","10":"atta45_taxonomy-vaskor-resetillbehor-sv","12":"first","13":"instock","14":"taxable","15":"shipping-taxable","16":"purchasable","17":"product-type-variable"},"acf":[],"_links":{"self":[{"href":"https:\/\/www.atta45.se\/e-butik\/wp-json\/wp\/v2\/product\/380720","targetHints":{"allow":["GET"]}}],"collection":[{"href":"https:\/\/www.atta45.se\/e-butik\/wp-json\/wp\/v2\/product"}],"about":[{"href":"https:\/\/www.atta45.se\/e-butik\/wp-json\/wp\/v2\/types\/product"}],"wp:featuredmedia":[{"embeddable":true,"href":"https:\/\/www.atta45.se\/e-butik\/wp-json\/wp\/v2\/media\/380721"}],"wp:attachment":[{"href":"https:\/\/www.atta45.se\/e-butik\/wp-json\/wp\/v2\/media?parent=380720"}],"wp:term":[{"taxonomy":"product_brand","embeddable":true,"href":"https:\/\/www.atta45.se\/e-butik\/wp-json\/wp\/v2\/product_brand?post=380720"},{"taxonomy":"product_cat","embeddable":true,"href":"https:\/\/www.atta45.se\/e-butik\/wp-json\/wp\/v2\/product_cat?post=380720"},{"taxonomy":"product_tag","embeddable":true,"href":"https:\/\/www.atta45.se\/e-butik\/wp-json\/wp\/v2\/product_tag?post=380720"}],"curies":[{"name":"wp","href":"https:\/\/api.w.org\/{rel}","templated":true}]}}