{"id":380532,"date":"2025-09-05T21:36:16","date_gmt":"2025-09-05T19:36:16","guid":{"rendered":"https:\/\/www.atta45.se\/e-butik\/produkt\/nyckelring-i-denim-enzi\/"},"modified":"2025-10-27T21:42:29","modified_gmt":"2025-10-27T20:42:29","slug":"nyckelring-i-denim-enzi","status":"publish","type":"product","link":"https:\/\/www.atta45.se\/e-butik\/produkt\/nyckelring-i-denim-enzi\/","title":{"rendered":"Nyckelring, i Denim, Enzi"},"content":{"rendered":"<p>Nyckelring i denim- och zinklegering med en robust metallring. Kombinerar slitstarka material f\u00f6r ett snyggt och funktionellt tillbeh\u00f6r. Individuellt f\u00f6rpackad i ett kraftpappersfodral.<\/p>\n","protected":false},"excerpt":{"rendered":"<p>Nyckelring i denim- och zinklegering med en robust metallring. Kombinerar slitstarka material f\u00f6r ett snyggt och funktionellt tillbeh\u00f6r. Individuellt f\u00f6rpackad i ett kraftpappersfodral.<\/p>\n","protected":false},"featured_media":380533,"template":"","meta":{"_acf_changed":false,"_seopress_robots_primary_cat":"","_seopress_titles_title":"","_seopress_titles_desc":"","_seopress_robots_index":""},"product_brand":[],"product_cat":[15],"product_tag":[],"class_list":{"0":"post-380532","1":"product","2":"type-product","3":"status-publish","4":"has-post-thumbnail","6":"product_cat-okategoriserad","7":"atta45_taxonomy-praktiska-ting-nyckelringar-utan-lampor-sv","9":"first","10":"instock","11":"taxable","12":"shipping-taxable","13":"purchasable","14":"product-type-variable"},"acf":[],"_links":{"self":[{"href":"https:\/\/www.atta45.se\/e-butik\/wp-json\/wp\/v2\/product\/380532","targetHints":{"allow":["GET"]}}],"collection":[{"href":"https:\/\/www.atta45.se\/e-butik\/wp-json\/wp\/v2\/product"}],"about":[{"href":"https:\/\/www.atta45.se\/e-butik\/wp-json\/wp\/v2\/types\/product"}],"wp:featuredmedia":[{"embeddable":true,"href":"https:\/\/www.atta45.se\/e-butik\/wp-json\/wp\/v2\/media\/380533"}],"wp:attachment":[{"href":"https:\/\/www.atta45.se\/e-butik\/wp-json\/wp\/v2\/media?parent=380532"}],"wp:term":[{"taxonomy":"product_brand","embeddable":true,"href":"https:\/\/www.atta45.se\/e-butik\/wp-json\/wp\/v2\/product_brand?post=380532"},{"taxonomy":"product_cat","embeddable":true,"href":"https:\/\/www.atta45.se\/e-butik\/wp-json\/wp\/v2\/product_cat?post=380532"},{"taxonomy":"product_tag","embeddable":true,"href":"https:\/\/www.atta45.se\/e-butik\/wp-json\/wp\/v2\/product_tag?post=380532"}],"curies":[{"name":"wp","href":"https:\/\/api.w.org\/{rel}","templated":true}]}}