{"id":380516,"date":"2025-09-05T21:35:15","date_gmt":"2025-09-05T19:35:15","guid":{"rendered":"https:\/\/www.atta45.se\/e-butik\/produkt\/minificklampa-i-atervunnen-abs-zai\/"},"modified":"2025-10-27T21:42:15","modified_gmt":"2025-10-27T20:42:15","slug":"minificklampa-i-atervunnen-abs-zai","status":"publish","type":"product","link":"https:\/\/www.atta45.se\/e-butik\/produkt\/minificklampa-i-atervunnen-abs-zai\/","title":{"rendered":"Minificklampa, i \u00e5tervunnen ABS, Zai"},"content":{"rendered":"<p>Minificklampa tillverkad av \u00e5tervunnen plast med inbyggt 200 mAh USB-laddningsbart batteri och karbinhake. COB-lampa p\u00e5 framsidan och COB-str\u00e5lkastare p\u00e5 sidan med tre ljusl\u00e4gen. Inkluderar USB-C-laddningskabel och logotyp tillverkad av \u00e5tervunnen plast. Individuellt f\u00f6rpackad i en brun kartong.<\/p>\n","protected":false},"excerpt":{"rendered":"<p>Minificklampa tillverkad av \u00e5tervunnen plast med inbyggt 200 mAh USB-laddningsbart batteri och karbinhake. COB-lampa p\u00e5 framsidan och COB-str\u00e5lkastare p\u00e5 sidan med tre ljusl\u00e4gen. Inkluderar USB-C-laddningskabel och logotyp tillverkad av \u00e5tervunnen plast. Individuellt f\u00f6rpackad i en brun kartong.<\/p>\n","protected":false},"featured_media":380517,"template":"","meta":{"_acf_changed":false,"_seopress_robots_primary_cat":"","_seopress_titles_title":"","_seopress_titles_desc":"","_seopress_robots_index":""},"product_brand":[],"product_cat":[15],"product_tag":[],"class_list":{"0":"post-380516","1":"product","2":"type-product","3":"status-publish","4":"has-post-thumbnail","6":"product_cat-okategoriserad","7":"atta45_taxonomy-fritid-sv","8":"atta45_taxonomy-nyheter-sv","9":"atta45_taxonomy-tema-inspiration-utvalda-produkter-nyheter-sv","10":"atta45_taxonomy-fritid-overlevnadsprodukter-sv","11":"atta45_taxonomy-reflexer-verktyg-sakerhet-overlevnadsprodukter-sv","13":"first","14":"instock","15":"taxable","16":"shipping-taxable","17":"purchasable","18":"product-type-variable"},"acf":[],"_links":{"self":[{"href":"https:\/\/www.atta45.se\/e-butik\/wp-json\/wp\/v2\/product\/380516","targetHints":{"allow":["GET"]}}],"collection":[{"href":"https:\/\/www.atta45.se\/e-butik\/wp-json\/wp\/v2\/product"}],"about":[{"href":"https:\/\/www.atta45.se\/e-butik\/wp-json\/wp\/v2\/types\/product"}],"wp:featuredmedia":[{"embeddable":true,"href":"https:\/\/www.atta45.se\/e-butik\/wp-json\/wp\/v2\/media\/380517"}],"wp:attachment":[{"href":"https:\/\/www.atta45.se\/e-butik\/wp-json\/wp\/v2\/media?parent=380516"}],"wp:term":[{"taxonomy":"product_brand","embeddable":true,"href":"https:\/\/www.atta45.se\/e-butik\/wp-json\/wp\/v2\/product_brand?post=380516"},{"taxonomy":"product_cat","embeddable":true,"href":"https:\/\/www.atta45.se\/e-butik\/wp-json\/wp\/v2\/product_cat?post=380516"},{"taxonomy":"product_tag","embeddable":true,"href":"https:\/\/www.atta45.se\/e-butik\/wp-json\/wp\/v2\/product_tag?post=380516"}],"curies":[{"name":"wp","href":"https:\/\/api.w.org\/{rel}","templated":true}]}}