{"id":38029,"date":"2024-12-26T18:27:27","date_gmt":"2024-12-26T17:27:27","guid":{"rendered":"https:\/\/www.atta45.se\/e-butik\/?post_type=product&#038;p=38029"},"modified":"2025-10-28T04:37:29","modified_gmt":"2025-10-28T03:37:29","slug":"talt-med-tak-6-x-3-m-utgaende","status":"publish","type":"product","link":"https:\/\/www.atta45.se\/e-butik\/produkt\/talt-med-tak-6-x-3-m-utgaende\/","title":{"rendered":"T\u00e4lt med tak 6 x 3 m (utg\u00e5ende)"},"content":{"rendered":"<p>Idealiskt f\u00f6r events eller andra aktiviteter. L\u00e4tt att s\u00e4tta upp. V\u00e4lj mellan olika tillbeh\u00f6r som tex olika v\u00e4ggar, vikter eller stormlinor. Storlek 6x3m  Ram i 30&#215;30 mm aluminium.  Tak i 420D Oxford (302g). Vikt 25 kg.<\/p>\n","protected":false},"excerpt":{"rendered":"<p>Idealiskt f\u00f6r events eller andra aktiviteter. L\u00e4tt att s\u00e4tta upp. V\u00e4lj mellan olika tillbeh\u00f6r som tex olika v\u00e4ggar, vikter eller stormlinor. Storlek 6x3m Ram i 30&#215;30 mm aluminium. Tak i 420D Oxford (302g). Vikt 25 kg.<\/p>\n","protected":false},"featured_media":38041,"template":"","meta":{"_acf_changed":false,"_seopress_robots_primary_cat":"","_seopress_titles_title":"","_seopress_titles_desc":"","_seopress_robots_index":""},"product_brand":[],"product_cat":[15],"product_tag":[],"class_list":{"0":"post-38029","1":"product","2":"type-product","3":"status-publish","4":"has-post-thumbnail","6":"product_cat-okategoriserad","7":"atta45_taxonomy-trading-expo-event-talt-talt-sv","8":"atta45_taxonomy-expo-event-talt-talt-sv","10":"first","11":"instock","12":"taxable","13":"shipping-taxable","14":"purchasable","15":"product-type-variable"},"acf":[],"_links":{"self":[{"href":"https:\/\/www.atta45.se\/e-butik\/wp-json\/wp\/v2\/product\/38029","targetHints":{"allow":["GET"]}}],"collection":[{"href":"https:\/\/www.atta45.se\/e-butik\/wp-json\/wp\/v2\/product"}],"about":[{"href":"https:\/\/www.atta45.se\/e-butik\/wp-json\/wp\/v2\/types\/product"}],"wp:featuredmedia":[{"embeddable":true,"href":"https:\/\/www.atta45.se\/e-butik\/wp-json\/wp\/v2\/media\/38041"}],"wp:attachment":[{"href":"https:\/\/www.atta45.se\/e-butik\/wp-json\/wp\/v2\/media?parent=38029"}],"wp:term":[{"taxonomy":"product_brand","embeddable":true,"href":"https:\/\/www.atta45.se\/e-butik\/wp-json\/wp\/v2\/product_brand?post=38029"},{"taxonomy":"product_cat","embeddable":true,"href":"https:\/\/www.atta45.se\/e-butik\/wp-json\/wp\/v2\/product_cat?post=38029"},{"taxonomy":"product_tag","embeddable":true,"href":"https:\/\/www.atta45.se\/e-butik\/wp-json\/wp\/v2\/product_tag?post=38029"}],"curies":[{"name":"wp","href":"https:\/\/api.w.org\/{rel}","templated":true}]}}