{"id":379538,"date":"2025-09-05T19:57:10","date_gmt":"2025-09-05T17:57:10","guid":{"rendered":"https:\/\/www.atta45.se\/e-butik\/produkt\/lampa-med-camping-funktion-abs-multifunktionell-araminta\/"},"modified":"2025-10-27T21:29:27","modified_gmt":"2025-10-27T20:29:27","slug":"lampa-med-camping-funktion-abs-multifunktionell-araminta","status":"publish","type":"product","link":"https:\/\/www.atta45.se\/e-butik\/produkt\/lampa-med-camping-funktion-abs-multifunktionell-araminta\/","title":{"rendered":"Lampa med camping-funktion: ABS multifunktionell Araminta"},"content":{"rendered":"<p>ABS multifunktionslampa med RGB-campingfunktion och en avtagbar ficklampa med en karbinhake och 4 ljusfunktioner. Erbjuder 8 f\u00e4rger, d\u00e4r vit har 2 ljusl\u00e4gen. De andra 7 f\u00e4rgerna kan st\u00e4llas in p\u00e5 ett f\u00f6r\u00e4nderligt f\u00e4rgl\u00e4ge genom att h\u00e5lla ned knappen. Ficklampan har ett batteri p\u00e5 800 mAh och campinglampan har ett batteri p\u00e5 2 400 mAh. Inkluderar Type-C-laddning. Individuellt f\u00f6rpackad i en kartongABS multifunktionell lampa med RGB-campingfunktion och en avtagbar ficklampa med en karbinhake och 4 ljusfunktioner. Erbjuder 8 f\u00e4rger, d\u00e4r vit har 2 ljusl\u00e4gen. De andra 7 f\u00e4rgerna kan st\u00e4llas in p\u00e5 ett f\u00f6r\u00e4nderligt f\u00e4rgl\u00e4ge genom att h\u00e5lla ned knappen. Ficklampan har ett batteri p\u00e5 800 mAh och campinglampan har ett batteri p\u00e5 2 400 mAh. Inkluderar Type-C-laddning. Individuellt f\u00f6rpackad i en kartong<\/p>\n","protected":false},"excerpt":{"rendered":"<p>ABS multifunktionslampa med RGB-campingfunktion och en avtagbar ficklampa med en karbinhake och 4 ljusfunktioner. Erbjuder 8 f\u00e4rger, d\u00e4r vit har 2 ljusl\u00e4gen. De andra 7 f\u00e4rgerna kan st\u00e4llas in p\u00e5 ett f\u00f6r\u00e4nderligt f\u00e4rgl\u00e4ge genom att h\u00e5lla ned knappen. Ficklampan har ett batteri p\u00e5 800 mAh och campinglampan har ett batteri p\u00e5 2 400 mAh. Inkluderar [&hellip;]<\/p>\n","protected":false},"featured_media":379539,"template":"","meta":{"_acf_changed":false,"_seopress_robots_primary_cat":"","_seopress_titles_title":"","_seopress_titles_desc":"","_seopress_robots_index":""},"product_brand":[],"product_cat":[15],"product_tag":[],"class_list":{"0":"post-379538","1":"product","2":"type-product","3":"status-publish","4":"has-post-thumbnail","6":"product_cat-okategoriserad","7":"atta45_taxonomy-fritid-sv","8":"atta45_taxonomy-tema-inspiration-utvalda-produkter-nyheter-sv","9":"atta45_taxonomy-nyheter-sv","10":"atta45_taxonomy-fritid-overlevnadsprodukter-sv","11":"atta45_taxonomy-reflexer-verktyg-sakerhet-overlevnadsprodukter-sv","13":"first","14":"instock","15":"taxable","16":"shipping-taxable","17":"purchasable","18":"product-type-variable"},"acf":[],"_links":{"self":[{"href":"https:\/\/www.atta45.se\/e-butik\/wp-json\/wp\/v2\/product\/379538","targetHints":{"allow":["GET"]}}],"collection":[{"href":"https:\/\/www.atta45.se\/e-butik\/wp-json\/wp\/v2\/product"}],"about":[{"href":"https:\/\/www.atta45.se\/e-butik\/wp-json\/wp\/v2\/types\/product"}],"wp:featuredmedia":[{"embeddable":true,"href":"https:\/\/www.atta45.se\/e-butik\/wp-json\/wp\/v2\/media\/379539"}],"wp:attachment":[{"href":"https:\/\/www.atta45.se\/e-butik\/wp-json\/wp\/v2\/media?parent=379538"}],"wp:term":[{"taxonomy":"product_brand","embeddable":true,"href":"https:\/\/www.atta45.se\/e-butik\/wp-json\/wp\/v2\/product_brand?post=379538"},{"taxonomy":"product_cat","embeddable":true,"href":"https:\/\/www.atta45.se\/e-butik\/wp-json\/wp\/v2\/product_cat?post=379538"},{"taxonomy":"product_tag","embeddable":true,"href":"https:\/\/www.atta45.se\/e-butik\/wp-json\/wp\/v2\/product_tag?post=379538"}],"curies":[{"name":"wp","href":"https:\/\/api.w.org\/{rel}","templated":true}]}}

<p>ABS multifunktionslampa med RGB-campingfunktion och en avtagbar ficklampa med en karbinhake och 4 ljusfunktioner. Erbjuder 8 färger, där vit har 2 ljuslägen. De andra 7 färgerna kan ställas in på ett föränderligt färgläge genom att hålla ned knappen. Ficklampan har ett batteri på 800 mAh och campinglampan har ett batteri på 2 400 mAh. Inkluderar Type-C-laddning. Individuellt förpackad i en kartongABS multifunktionell lampa med RGB-campingfunktion och en avtagbar ficklampa med en karbinhake och 4 ljusfunktioner. Erbjuder 8 färger, där vit har 2 ljuslägen. De andra 7 färgerna kan ställas in på ett föränderligt färgläge genom att hålla ned knappen. Ficklampan har ett batteri på 800 mAh och campinglampan har ett batteri på 2 400 mAh. Inkluderar Type-C-laddning. Individuellt förpackad i en kartong</p>

<p>ABS multifunktionslampa med RGB-campingfunktion och en avtagbar ficklampa med en karbinhake och 4 ljusfunktioner. Erbjuder 8 färger, där vit har 2 ljuslägen. De andra 7 färgerna kan ställas in på ett föränderligt färgläge genom att hålla ned knappen. Ficklampan har ett batteri på 800 mAh och campinglampan har ett batteri på 2 400 mAh. Inkluderar [&hellip;]</p>
