{"id":379330,"date":"2025-09-05T19:19:14","date_gmt":"2025-09-05T17:19:14","guid":{"rendered":"https:\/\/www.atta45.se\/e-butik\/produkt\/bordslampa-i-metall-fiorella\/"},"modified":"2025-10-27T21:27:07","modified_gmt":"2025-10-27T20:27:07","slug":"bordslampa-i-metall-fiorella","status":"publish","type":"product","link":"https:\/\/www.atta45.se\/e-butik\/produkt\/bordslampa-i-metall-fiorella\/","title":{"rendered":"Bordslampa i metall Fiorella"},"content":{"rendered":"<p>Bordslampa i metall och ABS med 24 lysdioder och tre ljusl\u00e4gen (vit, neutral, varm) som styrs av en ber\u00f6ringssensor p\u00e5 ovansidan. Inkluderar ett 800 mAh batteri och laddning av typ C med en 1 meter l\u00e5ng kabel. Lampan \u00e4r dimbar per ljusl\u00e4ge och har en p\u00e5\/av-knapp p\u00e5 undersidan. Individuellt f\u00f6rpackad i en brun kartong.<\/p>\n","protected":false},"excerpt":{"rendered":"<p>Bordslampa i metall och ABS med 24 lysdioder och tre ljusl\u00e4gen (vit, neutral, varm) som styrs av en ber\u00f6ringssensor p\u00e5 ovansidan. Inkluderar ett 800 mAh batteri och laddning av typ C med en 1 meter l\u00e5ng kabel. Lampan \u00e4r dimbar per ljusl\u00e4ge och har en p\u00e5\/av-knapp p\u00e5 undersidan. Individuellt f\u00f6rpackad i en brun kartong.<\/p>\n","protected":false},"featured_media":379331,"template":"","meta":{"_acf_changed":false,"_seopress_robots_primary_cat":"","_seopress_titles_title":"","_seopress_titles_desc":"","_seopress_robots_index":""},"product_brand":[],"product_cat":[15],"product_tag":[],"class_list":{"0":"post-379330","1":"product","2":"type-product","3":"status-publish","4":"has-post-thumbnail","6":"product_cat-okategoriserad","7":"atta45_taxonomy-fritid-sv","8":"atta45_taxonomy-nyheter-sv","9":"atta45_taxonomy-tema-inspiration-utvalda-produkter-nyheter-sv","11":"first","12":"instock","13":"taxable","14":"shipping-taxable","15":"purchasable","16":"product-type-variable"},"acf":[],"_links":{"self":[{"href":"https:\/\/www.atta45.se\/e-butik\/wp-json\/wp\/v2\/product\/379330","targetHints":{"allow":["GET"]}}],"collection":[{"href":"https:\/\/www.atta45.se\/e-butik\/wp-json\/wp\/v2\/product"}],"about":[{"href":"https:\/\/www.atta45.se\/e-butik\/wp-json\/wp\/v2\/types\/product"}],"wp:featuredmedia":[{"embeddable":true,"href":"https:\/\/www.atta45.se\/e-butik\/wp-json\/wp\/v2\/media\/379331"}],"wp:attachment":[{"href":"https:\/\/www.atta45.se\/e-butik\/wp-json\/wp\/v2\/media?parent=379330"}],"wp:term":[{"taxonomy":"product_brand","embeddable":true,"href":"https:\/\/www.atta45.se\/e-butik\/wp-json\/wp\/v2\/product_brand?post=379330"},{"taxonomy":"product_cat","embeddable":true,"href":"https:\/\/www.atta45.se\/e-butik\/wp-json\/wp\/v2\/product_cat?post=379330"},{"taxonomy":"product_tag","embeddable":true,"href":"https:\/\/www.atta45.se\/e-butik\/wp-json\/wp\/v2\/product_tag?post=379330"}],"curies":[{"name":"wp","href":"https:\/\/api.w.org\/{rel}","templated":true}]}}