{"id":375101,"date":"2025-04-19T14:51:16","date_gmt":"2025-04-19T12:51:16","guid":{"rendered":"https:\/\/www.atta45.se\/e-butik\/produkt\/equinox-pro-workwear-bodywarmer\/"},"modified":"2025-10-28T02:46:57","modified_gmt":"2025-10-28T01:46:57","slug":"equinox-pro-workwear-bodywarmer","status":"publish","type":"product","link":"https:\/\/www.atta45.se\/e-butik\/produkt\/equinox-pro-workwear-bodywarmer\/","title":{"rendered":"V\u00e4st, v\u00e4rmande &#8211; Arbetskl\u00e4der Equinox Pro"},"content":{"rendered":"<p>WORKWEAR BODYWARMER (EQUINOX PRO)<\/p>\n<p>Functional and very resistant.<br \/>Wide range of sizes.<br \/>Washable at 60 \u00b0C<\/p>\n<p>65% polyester &#8211; 35% cotton<br \/>100% polyester padding<br \/>High collar with double stud fastening<br \/>6 pockets including 1 inside pocket<br \/>Elasticated side areas<br \/>TWILL 190<br \/>Available in: S &#8211; 5XL<\/p>\n","protected":false},"excerpt":{"rendered":"<p>WORKWEAR BODYWARMER (EQUINOX PRO) Functional and very resistant.Wide range of sizes.Washable at 60 \u00b0C 65% polyester &#8211; 35% cotton100% polyester paddingHigh collar with double stud fastening6 pockets including 1 inside pocketElasticated side areasTWILL 190Available in: S &#8211; 5XL<\/p>\n","protected":false},"featured_media":375102,"template":"","meta":{"_acf_changed":false,"_seopress_robots_primary_cat":"","_seopress_titles_title":"","_seopress_titles_desc":"","_seopress_robots_index":""},"product_brand":[],"product_cat":[15],"product_tag":[],"class_list":{"0":"post-375101","1":"product","2":"type-product","3":"status-publish","4":"has-post-thumbnail","6":"product_cat-okategoriserad","7":"atta45_taxonomy-textil-jackor-sv","8":"atta45_taxonomy-textil-yrkesklader-sv","10":"first","11":"instock","12":"taxable","13":"shipping-taxable","14":"purchasable","15":"product-type-variable"},"acf":[],"_links":{"self":[{"href":"https:\/\/www.atta45.se\/e-butik\/wp-json\/wp\/v2\/product\/375101","targetHints":{"allow":["GET"]}}],"collection":[{"href":"https:\/\/www.atta45.se\/e-butik\/wp-json\/wp\/v2\/product"}],"about":[{"href":"https:\/\/www.atta45.se\/e-butik\/wp-json\/wp\/v2\/types\/product"}],"wp:featuredmedia":[{"embeddable":true,"href":"https:\/\/www.atta45.se\/e-butik\/wp-json\/wp\/v2\/media\/375102"}],"wp:attachment":[{"href":"https:\/\/www.atta45.se\/e-butik\/wp-json\/wp\/v2\/media?parent=375101"}],"wp:term":[{"taxonomy":"product_brand","embeddable":true,"href":"https:\/\/www.atta45.se\/e-butik\/wp-json\/wp\/v2\/product_brand?post=375101"},{"taxonomy":"product_cat","embeddable":true,"href":"https:\/\/www.atta45.se\/e-butik\/wp-json\/wp\/v2\/product_cat?post=375101"},{"taxonomy":"product_tag","embeddable":true,"href":"https:\/\/www.atta45.se\/e-butik\/wp-json\/wp\/v2\/product_tag?post=375101"}],"curies":[{"name":"wp","href":"https:\/\/api.w.org\/{rel}","templated":true}]}}