{"id":374732,"date":"2025-04-19T14:16:21","date_gmt":"2025-04-19T12:16:21","guid":{"rendered":"https:\/\/www.atta45.se\/e-butik\/produkt\/stadium-65-two-colour-600d-polyester-travel-sports-bag\/"},"modified":"2025-10-28T02:44:59","modified_gmt":"2025-10-28T01:44:59","slug":"stadium-65-two-colour-600d-polyester-travel-sports-bag","status":"publish","type":"product","link":"https:\/\/www.atta45.se\/e-butik\/produkt\/stadium-65-two-colour-600d-polyester-travel-sports-bag\/","title":{"rendered":"Rese-\/sportv\u00e4ska &#8211; Tv\u00e5f\u00e4rgad 600D polyester Stadium 65"},"content":{"rendered":"<p>TWO COLOUR 600D POLYESTER TRAVEL\/SPORTS BAG (STADIUM 65)<\/p>\n<p>Multi-purpose bag with a black bottom protecting it against stains. Ultra resistant.<\/p>\n<p>100% polyester<br \/>Zipped double-slider opening<br \/>Bottom pike-base<br \/>Removable PE bottom<br \/>Zipped front pocket<br \/>Reinforced side carry handles<br \/>Adjustable and removable shoulder strap<br \/>POLYESTER 600D<\/p>\n","protected":false},"excerpt":{"rendered":"<p>TWO COLOUR 600D POLYESTER TRAVEL\/SPORTS BAG (STADIUM 65) Multi-purpose bag with a black bottom protecting it against stains. Ultra resistant. 100% polyesterZipped double-slider openingBottom pike-baseRemovable PE bottomZipped front pocketReinforced side carry handlesAdjustable and removable shoulder strapPOLYESTER 600D<\/p>\n","protected":false},"featured_media":374753,"template":"","meta":{"_acf_changed":false,"_seopress_robots_primary_cat":"","_seopress_titles_title":"","_seopress_titles_desc":"","_seopress_robots_index":""},"product_brand":[],"product_cat":[15],"product_tag":[],"class_list":{"0":"post-374732","1":"product","2":"type-product","3":"status-publish","4":"has-post-thumbnail","6":"product_cat-okategoriserad","7":"atta45_taxonomy-vaskor-resetillbehor-sport-resvaskor-sv","8":"atta45_taxonomy-textil-vaskor-bagar-sv","10":"first","11":"instock","12":"taxable","13":"shipping-taxable","14":"purchasable","15":"product-type-variable"},"acf":[],"_links":{"self":[{"href":"https:\/\/www.atta45.se\/e-butik\/wp-json\/wp\/v2\/product\/374732","targetHints":{"allow":["GET"]}}],"collection":[{"href":"https:\/\/www.atta45.se\/e-butik\/wp-json\/wp\/v2\/product"}],"about":[{"href":"https:\/\/www.atta45.se\/e-butik\/wp-json\/wp\/v2\/types\/product"}],"wp:featuredmedia":[{"embeddable":true,"href":"https:\/\/www.atta45.se\/e-butik\/wp-json\/wp\/v2\/media\/374753"}],"wp:attachment":[{"href":"https:\/\/www.atta45.se\/e-butik\/wp-json\/wp\/v2\/media?parent=374732"}],"wp:term":[{"taxonomy":"product_brand","embeddable":true,"href":"https:\/\/www.atta45.se\/e-butik\/wp-json\/wp\/v2\/product_brand?post=374732"},{"taxonomy":"product_cat","embeddable":true,"href":"https:\/\/www.atta45.se\/e-butik\/wp-json\/wp\/v2\/product_cat?post=374732"},{"taxonomy":"product_tag","embeddable":true,"href":"https:\/\/www.atta45.se\/e-butik\/wp-json\/wp\/v2\/product_tag?post=374732"}],"curies":[{"name":"wp","href":"https:\/\/api.w.org\/{rel}","templated":true}]}}