{"id":36319,"date":"2024-12-26T17:51:24","date_gmt":"2024-12-26T16:51:24","guid":{"rendered":"https:\/\/www.atta45.se\/e-butik\/?post_type=product&#038;p=36319"},"modified":"2025-10-27T14:58:39","modified_gmt":"2025-10-27T13:58:39","slug":"multifunktionellt-overlevnadsverktyg-6-i-1-andrea","status":"publish","type":"product","link":"https:\/\/www.atta45.se\/e-butik\/produkt\/multifunktionellt-overlevnadsverktyg-6-i-1-andrea\/","title":{"rendered":"\u00d6verlevnadsverktyg ABS 6-i-1 Andrea"},"content":{"rendered":"<p>Multifunktionellt \u00f6verlevnadsverktyg inneh\u00e5llande vissla, kompass, termometer (\u00b0F), lampa, spegel, f\u00f6rstoringsglas och ett sn\u00f6re med s\u00e4kerhetsst\u00e4ngning.<\/p>\n","protected":false},"excerpt":{"rendered":"<p>Multifunktionellt \u00f6verlevnadsverktyg inneh\u00e5llande vissla, kompass, termometer (\u00b0F), lampa, spegel, f\u00f6rstoringsglas och ett sn\u00f6re med s\u00e4kerhetsst\u00e4ngning.<\/p>\n","protected":false},"featured_media":36320,"template":"","meta":{"_acf_changed":false,"_seopress_robots_primary_cat":"","_seopress_titles_title":"","_seopress_titles_desc":"","_seopress_robots_index":""},"product_brand":[],"product_cat":[15],"product_tag":[],"class_list":{"0":"post-36319","1":"product","2":"type-product","3":"status-publish","4":"has-post-thumbnail","6":"product_cat-okategoriserad","7":"atta45_taxonomy-tema-inspiration-ogonblick-arbete-pagar-sv","8":"atta45_taxonomy-fritid-sv","9":"atta45_taxonomy-fritid-kikare-sv","10":"atta45_taxonomy-fritid-overlevnadsprodukter-sv","11":"atta45_taxonomy-reflexer-verktyg-sakerhet-overlevnadsprodukter-sv","12":"atta45_taxonomy-vaskor-resetillbehor-researtiklar-sv","13":"atta45_taxonomy-tema-inspiration-sv","14":"atta45_taxonomy-vaskor-resetillbehor-sv","16":"first","17":"instock","18":"taxable","19":"shipping-taxable","20":"purchasable","21":"product-type-variable"},"acf":[],"_links":{"self":[{"href":"https:\/\/www.atta45.se\/e-butik\/wp-json\/wp\/v2\/product\/36319","targetHints":{"allow":["GET"]}}],"collection":[{"href":"https:\/\/www.atta45.se\/e-butik\/wp-json\/wp\/v2\/product"}],"about":[{"href":"https:\/\/www.atta45.se\/e-butik\/wp-json\/wp\/v2\/types\/product"}],"wp:featuredmedia":[{"embeddable":true,"href":"https:\/\/www.atta45.se\/e-butik\/wp-json\/wp\/v2\/media\/36320"}],"wp:attachment":[{"href":"https:\/\/www.atta45.se\/e-butik\/wp-json\/wp\/v2\/media?parent=36319"}],"wp:term":[{"taxonomy":"product_brand","embeddable":true,"href":"https:\/\/www.atta45.se\/e-butik\/wp-json\/wp\/v2\/product_brand?post=36319"},{"taxonomy":"product_cat","embeddable":true,"href":"https:\/\/www.atta45.se\/e-butik\/wp-json\/wp\/v2\/product_cat?post=36319"},{"taxonomy":"product_tag","embeddable":true,"href":"https:\/\/www.atta45.se\/e-butik\/wp-json\/wp\/v2\/product_tag?post=36319"}],"curies":[{"name":"wp","href":"https:\/\/api.w.org\/{rel}","templated":true}]}}