{"id":36073,"date":"2024-12-26T17:49:31","date_gmt":"2024-12-26T16:49:31","guid":{"rendered":"https:\/\/www.atta45.se\/e-butik\/?post_type=product&#038;p=36073"},"modified":"2025-10-27T14:07:37","modified_gmt":"2025-10-27T13:07:37","slug":"vattentat-skyddsficka","status":"publish","type":"product","link":"https:\/\/www.atta45.se\/e-butik\/produkt\/vattentat-skyddsficka\/","title":{"rendered":"Skyddsficka vattent\u00e4t f\u00f6r smartphone Emily"},"content":{"rendered":"<p>Vattent\u00e4t skyddsficka f\u00f6r mobiltelefonen. Med matchande sn\u00f6re (med s\u00e4kerhetsf\u00e4ste), ca 46 cm l\u00e5ngt. Sk\u00e4rmen kan anv\u00e4ndas genom fickan tack vare materialets egenskaper.<\/p>\n","protected":false},"excerpt":{"rendered":"<p>Vattent\u00e4t skyddsficka f\u00f6r mobiltelefonen. Med matchande sn\u00f6re (med s\u00e4kerhetsf\u00e4ste), ca 46 cm l\u00e5ngt. Sk\u00e4rmen kan anv\u00e4ndas genom fickan tack vare materialets egenskaper.<\/p>\n","protected":false},"featured_media":36074,"template":"","meta":{"_acf_changed":false,"_seopress_robots_primary_cat":"","_seopress_titles_title":"","_seopress_titles_desc":"","_seopress_robots_index":""},"product_brand":[],"product_cat":[15],"product_tag":[],"class_list":{"0":"post-36073","1":"product","2":"type-product","3":"status-publish","4":"has-post-thumbnail","6":"product_cat-okategoriserad","7":"atta45_taxonomy-elektronik-kontor-sv","8":"atta45_taxonomy-fritid-sv","9":"atta45_taxonomy-fritid-overlevnadsprodukter-sv","10":"atta45_taxonomy-reflexer-verktyg-sakerhet-overlevnadsprodukter-sv","11":"atta45_taxonomy-tema-inspiration-branscher-rekreation-sv","12":"atta45_taxonomy-tema-inspiration-ogonblick-sommargladje-sv","13":"atta45_taxonomy-fritid-sportartiklar-sv","14":"atta45_taxonomy-vaskor-resetillbehor-sport-resvaskor-sv","15":"atta45_taxonomy-tema-inspiration-sv","16":"atta45_taxonomy-fritid-uppblasbart-strandartiklar-sv","17":"atta45_taxonomy-reflexer-verktyg-sakerhet-vaskor-sv","19":"first","20":"instock","21":"taxable","22":"shipping-taxable","23":"purchasable","24":"product-type-variable"},"acf":[],"_links":{"self":[{"href":"https:\/\/www.atta45.se\/e-butik\/wp-json\/wp\/v2\/product\/36073","targetHints":{"allow":["GET"]}}],"collection":[{"href":"https:\/\/www.atta45.se\/e-butik\/wp-json\/wp\/v2\/product"}],"about":[{"href":"https:\/\/www.atta45.se\/e-butik\/wp-json\/wp\/v2\/types\/product"}],"wp:featuredmedia":[{"embeddable":true,"href":"https:\/\/www.atta45.se\/e-butik\/wp-json\/wp\/v2\/media\/36074"}],"wp:attachment":[{"href":"https:\/\/www.atta45.se\/e-butik\/wp-json\/wp\/v2\/media?parent=36073"}],"wp:term":[{"taxonomy":"product_brand","embeddable":true,"href":"https:\/\/www.atta45.se\/e-butik\/wp-json\/wp\/v2\/product_brand?post=36073"},{"taxonomy":"product_cat","embeddable":true,"href":"https:\/\/www.atta45.se\/e-butik\/wp-json\/wp\/v2\/product_cat?post=36073"},{"taxonomy":"product_tag","embeddable":true,"href":"https:\/\/www.atta45.se\/e-butik\/wp-json\/wp\/v2\/product_tag?post=36073"}],"curies":[{"name":"wp","href":"https:\/\/api.w.org\/{rel}","templated":true}]}}