{"id":36053,"date":"2024-12-26T17:49:23","date_gmt":"2024-12-26T16:49:23","guid":{"rendered":"https:\/\/www.atta45.se\/e-butik\/?post_type=product&#038;p=36053"},"modified":"2025-10-28T00:27:29","modified_gmt":"2025-10-27T23:27:29","slug":"stabil-picknick-ryggsack-med-flaskhallare-i-polyester-600d","status":"publish","type":"product","link":"https:\/\/www.atta45.se\/e-butik\/produkt\/stabil-picknick-ryggsack-med-flaskhallare-i-polyester-600d\/","title":{"rendered":"Picknickryggs\u00e4ck Polyester (600D) Allison"},"content":{"rendered":"<p>Stabil picknick-ryggs\u00e4ck i polyester (600D). Stort huvudfack\/kylfack med dubbla dragkedjor och kardborre f\u00f6r extra stor \u00f6ppning. Avtagbar flaskkylare p\u00e5 sidan. Ficka fram med dragkedja. Upps\u00e4ttning f\u00f6r fyra personer med vinglas, bestick och tallrikar. Sk\u00e4<\/p>\n","protected":false},"excerpt":{"rendered":"<p>Stabil picknick-ryggs\u00e4ck i polyester (600D). Stort huvudfack\/kylfack med dubbla dragkedjor och kardborre f\u00f6r extra stor \u00f6ppning. Avtagbar flaskkylare p\u00e5 sidan. Ficka fram med dragkedja. Upps\u00e4ttning f\u00f6r fyra personer med vinglas, bestick och tallrikar. Sk\u00e4<\/p>\n","protected":false},"featured_media":36054,"template":"","meta":{"_acf_changed":false,"_seopress_robots_primary_cat":"","_seopress_titles_title":"","_seopress_titles_desc":"","_seopress_robots_index":""},"product_brand":[],"product_cat":[15],"product_tag":[],"class_list":{"0":"post-36053","1":"product","2":"type-product","3":"status-publish","4":"has-post-thumbnail","6":"product_cat-okategoriserad","7":"atta45_taxonomy-tema-inspiration-ogonblick-arsslut-sv","8":"atta45_taxonomy-fritid-sv","9":"atta45_taxonomy-fritid-picknickset-sv","10":"atta45_taxonomy-tema-inspiration-sasong-sv","11":"atta45_taxonomy-tema-inspiration-sasong-sommar-sv","12":"atta45_taxonomy-tema-inspiration-ogonblick-sommargladje-sv","13":"atta45_taxonomy-tema-inspiration-sv","14":"atta45_taxonomy-tema-inspiration-sasong-var-sv","15":"atta45_taxonomy-vaskor-resetillbehor-sv","17":"first","18":"instock","19":"taxable","20":"shipping-taxable","21":"purchasable","22":"product-type-variable"},"acf":[],"_links":{"self":[{"href":"https:\/\/www.atta45.se\/e-butik\/wp-json\/wp\/v2\/product\/36053","targetHints":{"allow":["GET"]}}],"collection":[{"href":"https:\/\/www.atta45.se\/e-butik\/wp-json\/wp\/v2\/product"}],"about":[{"href":"https:\/\/www.atta45.se\/e-butik\/wp-json\/wp\/v2\/types\/product"}],"wp:featuredmedia":[{"embeddable":true,"href":"https:\/\/www.atta45.se\/e-butik\/wp-json\/wp\/v2\/media\/36054"}],"wp:attachment":[{"href":"https:\/\/www.atta45.se\/e-butik\/wp-json\/wp\/v2\/media?parent=36053"}],"wp:term":[{"taxonomy":"product_brand","embeddable":true,"href":"https:\/\/www.atta45.se\/e-butik\/wp-json\/wp\/v2\/product_brand?post=36053"},{"taxonomy":"product_cat","embeddable":true,"href":"https:\/\/www.atta45.se\/e-butik\/wp-json\/wp\/v2\/product_cat?post=36053"},{"taxonomy":"product_tag","embeddable":true,"href":"https:\/\/www.atta45.se\/e-butik\/wp-json\/wp\/v2\/product_tag?post=36053"}],"curies":[{"name":"wp","href":"https:\/\/api.w.org\/{rel}","templated":true}]}}