{"id":35398,"date":"2024-12-26T17:41:58","date_gmt":"2024-12-26T16:41:58","guid":{"rendered":"https:\/\/www.atta45.se\/e-butik\/?post_type=product&#038;p=35398"},"modified":"2025-10-27T23:20:34","modified_gmt":"2025-10-27T22:20:34","slug":"vristband-i-abs-och-silikon-med-en-rod-led-lampa-rosanna","status":"publish","type":"product","link":"https:\/\/www.atta45.se\/e-butik\/produkt\/vristband-i-abs-och-silikon-med-en-rod-led-lampa-rosanna\/","title":{"rendered":"Vristband i ABS och silikon med en r\u00f6d LED-lampa Rosanna"},"content":{"rendered":"<p>Vristband i ABS och silikon med en r\u00f6d LED-lampa som har tv\u00e5 blinkande l\u00e4gen, av\/p\u00e5-knapp. Batterier ing\u00e5r.<\/p>\n","protected":false},"excerpt":{"rendered":"<p>Vristband i ABS och silikon med en r\u00f6d LED-lampa som har tv\u00e5 blinkande l\u00e4gen, av\/p\u00e5-knapp. Batterier ing\u00e5r.<\/p>\n","protected":false},"featured_media":35399,"template":"","meta":{"_acf_changed":false,"_seopress_robots_primary_cat":"","_seopress_titles_title":"","_seopress_titles_desc":"","_seopress_robots_index":""},"product_brand":[],"product_cat":[15],"product_tag":[],"class_list":{"0":"post-35398","1":"product","2":"type-product","3":"status-publish","4":"has-post-thumbnail","6":"product_cat-okategoriserad","7":"atta45_taxonomy-reflexer-verktyg-sakerhet-cykeltillbehor-sv","8":"atta45_taxonomy-fritid-sv","9":"atta45_taxonomy-tema-inspiration-ogonblick-kontorsliv-sv","10":"atta45_taxonomy-fritid-sportartiklar-sv","11":"atta45_taxonomy-tema-inspiration-sv","13":"first","14":"instock","15":"taxable","16":"shipping-taxable","17":"purchasable","18":"product-type-variable"},"acf":[],"_links":{"self":[{"href":"https:\/\/www.atta45.se\/e-butik\/wp-json\/wp\/v2\/product\/35398","targetHints":{"allow":["GET"]}}],"collection":[{"href":"https:\/\/www.atta45.se\/e-butik\/wp-json\/wp\/v2\/product"}],"about":[{"href":"https:\/\/www.atta45.se\/e-butik\/wp-json\/wp\/v2\/types\/product"}],"wp:featuredmedia":[{"embeddable":true,"href":"https:\/\/www.atta45.se\/e-butik\/wp-json\/wp\/v2\/media\/35399"}],"wp:attachment":[{"href":"https:\/\/www.atta45.se\/e-butik\/wp-json\/wp\/v2\/media?parent=35398"}],"wp:term":[{"taxonomy":"product_brand","embeddable":true,"href":"https:\/\/www.atta45.se\/e-butik\/wp-json\/wp\/v2\/product_brand?post=35398"},{"taxonomy":"product_cat","embeddable":true,"href":"https:\/\/www.atta45.se\/e-butik\/wp-json\/wp\/v2\/product_cat?post=35398"},{"taxonomy":"product_tag","embeddable":true,"href":"https:\/\/www.atta45.se\/e-butik\/wp-json\/wp\/v2\/product_tag?post=35398"}],"curies":[{"name":"wp","href":"https:\/\/api.w.org\/{rel}","templated":true}]}}