{"id":35054,"date":"2024-12-26T17:39:33","date_gmt":"2024-12-26T16:39:33","guid":{"rendered":"https:\/\/www.atta45.se\/e-butik\/?post_type=product&#038;p=35054"},"modified":"2025-10-27T22:04:03","modified_gmt":"2025-10-27T21:04:03","slug":"reseplad-i-fleece","status":"publish","type":"product","link":"https:\/\/www.atta45.se\/e-butik\/produkt\/reseplad-i-fleece\/","title":{"rendered":"Resepl\u00e4d i fleece"},"content":{"rendered":"<p>Picknick pl\u00e4d, (+\/-115 x 135 cm), i fleece, 165 gr\/m\u00b2, med f\u00e4rgmatchande baksida. Ett kardborreband i matchande f\u00e4rg h\u00e5ller pl\u00e4den hopvikt och b\u00e4rhandtaget i samma f\u00e4rg  g\u00f6r den l\u00e4tt att ta med.<\/p>\n","protected":false},"excerpt":{"rendered":"<p>Picknick pl\u00e4d, (+\/-115 x 135 cm), i fleece, 165 gr\/m\u00b2, med f\u00e4rgmatchande baksida. Ett kardborreband i matchande f\u00e4rg h\u00e5ller pl\u00e4den hopvikt och b\u00e4rhandtaget i samma f\u00e4rg g\u00f6r den l\u00e4tt att ta med.<\/p>\n","protected":false},"featured_media":35055,"template":"","meta":{"_acf_changed":false,"_seopress_robots_primary_cat":"","_seopress_titles_title":"","_seopress_titles_desc":"","_seopress_robots_index":""},"product_brand":[],"product_cat":[15],"product_tag":[],"class_list":{"0":"post-35054","1":"product","2":"type-product","3":"status-publish","4":"has-post-thumbnail","6":"product_cat-okategoriserad","7":"atta45_taxonomy-tema-inspiration-ogonblick-arsslut-sv","8":"atta45_taxonomy-tema-inspiration-speciella-trycktekniker-brodyr-sv","9":"atta45_taxonomy-fritid-filtar-sv","10":"atta45_taxonomy-textil-fleece-sv","11":"atta45_taxonomy-fritid-fleeceprodukter-sv","12":"atta45_taxonomy-fritid-sv","13":"atta45_taxonomy-textil-handdukar-badrockar-sv","14":"atta45_taxonomy-hem-hushall-sv","15":"atta45_taxonomy-fritid-picknickset-sv","16":"atta45_taxonomy-tema-inspiration-sasong-sv","17":"atta45_taxonomy-tema-inspiration-ogonblick-sommargladje-sv","18":"atta45_taxonomy-tema-inspiration-speciella-trycktekniker-sv","19":"atta45_taxonomy-tema-inspiration-sv","20":"atta45_taxonomy-tema-inspiration-sasong-vinter-sv","22":"first","23":"instock","24":"taxable","25":"shipping-taxable","26":"purchasable","27":"product-type-variable"},"acf":[],"_links":{"self":[{"href":"https:\/\/www.atta45.se\/e-butik\/wp-json\/wp\/v2\/product\/35054","targetHints":{"allow":["GET"]}}],"collection":[{"href":"https:\/\/www.atta45.se\/e-butik\/wp-json\/wp\/v2\/product"}],"about":[{"href":"https:\/\/www.atta45.se\/e-butik\/wp-json\/wp\/v2\/types\/product"}],"wp:featuredmedia":[{"embeddable":true,"href":"https:\/\/www.atta45.se\/e-butik\/wp-json\/wp\/v2\/media\/35055"}],"wp:attachment":[{"href":"https:\/\/www.atta45.se\/e-butik\/wp-json\/wp\/v2\/media?parent=35054"}],"wp:term":[{"taxonomy":"product_brand","embeddable":true,"href":"https:\/\/www.atta45.se\/e-butik\/wp-json\/wp\/v2\/product_brand?post=35054"},{"taxonomy":"product_cat","embeddable":true,"href":"https:\/\/www.atta45.se\/e-butik\/wp-json\/wp\/v2\/product_cat?post=35054"},{"taxonomy":"product_tag","embeddable":true,"href":"https:\/\/www.atta45.se\/e-butik\/wp-json\/wp\/v2\/product_tag?post=35054"}],"curies":[{"name":"wp","href":"https:\/\/api.w.org\/{rel}","templated":true}]}}

Resepläd i fleece

<p>Picknick pläd, (+/-115 x 135 cm), i fleece, 165 gr/m², med färgmatchande baksida. Ett kardborreband i matchande färg håller pläden hopvikt och bärhandtaget i samma färg  gör den lätt att ta med.</p>

<p>Picknick pläd, (+/-115 x 135 cm), i fleece, 165 gr/m², med färgmatchande baksida. Ett kardborreband i matchande färg håller pläden hopvikt och bärhandtaget i samma färg gör den lätt att ta med.</p>
