{"id":350122,"date":"2025-04-19T00:18:13","date_gmt":"2025-04-18T22:18:13","guid":{"rendered":"https:\/\/www.atta45.se\/e-butik\/produkt\/owen-lsl-men-mens-long-sleeve-polo-shirt-with-concealed-placket\/"},"modified":"2025-10-28T02:21:52","modified_gmt":"2025-10-28T01:21:52","slug":"owen-lsl-men-mens-long-sleeve-polo-shirt-with-concealed-placket","status":"publish","type":"product","link":"https:\/\/www.atta45.se\/e-butik\/produkt\/owen-lsl-men-mens-long-sleeve-polo-shirt-with-concealed-placket\/","title":{"rendered":"Polotr\u00f6ja &#8211; Herr L\u00e5ng\u00e4rmad Med Dold Knappsl\u00e5 Owen Lsl Men"},"content":{"rendered":"<p>MEN&#8217;S LONG SLEEVE POLO SHIRT WITH CONCEALED PLACKET (OWEN LSL MEN)<\/p>\n<p>100% combed ringspun cotton<br \/>Long sleeves<br \/>Ribbed collar and cuffs<br \/>Concealed button placket<br \/>3 tone-on-tone buttons<br \/>Side slits at bottom<br \/>Piqu\u00e9 220<br \/>Available in: S &#8211; 4XL<\/p>\n","protected":false},"excerpt":{"rendered":"<p>MEN&#8217;S LONG SLEEVE POLO SHIRT WITH CONCEALED PLACKET (OWEN LSL MEN) 100% combed ringspun cottonLong sleevesRibbed collar and cuffsConcealed button placket3 tone-on-tone buttonsSide slits at bottomPiqu\u00e9 220Available in: S &#8211; 4XL<\/p>\n","protected":false},"featured_media":350123,"template":"","meta":{"_acf_changed":false,"_seopress_robots_primary_cat":"","_seopress_titles_title":"","_seopress_titles_desc":"","_seopress_robots_index":""},"product_brand":[],"product_cat":[15],"product_tag":[],"class_list":{"0":"post-350122","1":"product","2":"type-product","3":"status-publish","4":"has-post-thumbnail","6":"product_cat-okategoriserad","7":"atta45_taxonomy-textil-piketrojor-tennistrojor-sv","9":"first","10":"instock","11":"taxable","12":"shipping-taxable","13":"purchasable","14":"product-type-variable"},"acf":[],"_links":{"self":[{"href":"https:\/\/www.atta45.se\/e-butik\/wp-json\/wp\/v2\/product\/350122","targetHints":{"allow":["GET"]}}],"collection":[{"href":"https:\/\/www.atta45.se\/e-butik\/wp-json\/wp\/v2\/product"}],"about":[{"href":"https:\/\/www.atta45.se\/e-butik\/wp-json\/wp\/v2\/types\/product"}],"wp:featuredmedia":[{"embeddable":true,"href":"https:\/\/www.atta45.se\/e-butik\/wp-json\/wp\/v2\/media\/350123"}],"wp:attachment":[{"href":"https:\/\/www.atta45.se\/e-butik\/wp-json\/wp\/v2\/media?parent=350122"}],"wp:term":[{"taxonomy":"product_brand","embeddable":true,"href":"https:\/\/www.atta45.se\/e-butik\/wp-json\/wp\/v2\/product_brand?post=350122"},{"taxonomy":"product_cat","embeddable":true,"href":"https:\/\/www.atta45.se\/e-butik\/wp-json\/wp\/v2\/product_cat?post=350122"},{"taxonomy":"product_tag","embeddable":true,"href":"https:\/\/www.atta45.se\/e-butik\/wp-json\/wp\/v2\/product_tag?post=350122"}],"curies":[{"name":"wp","href":"https:\/\/api.w.org\/{rel}","templated":true}]}}