{"id":34844,"date":"2024-12-26T17:38:02","date_gmt":"2024-12-26T16:38:02","guid":{"rendered":"https:\/\/www.atta45.se\/e-butik\/?post_type=product&#038;p=34844"},"modified":"2025-10-27T20:01:10","modified_gmt":"2025-10-27T19:01:10","slug":"set-med-tennisracket-och-boll","status":"publish","type":"product","link":"https:\/\/www.atta45.se\/e-butik\/produkt\/set-med-tennisracket-och-boll\/","title":{"rendered":"Set med tennisracket och boll"},"content":{"rendered":"<p>Tennisset i rosentr\u00e4 med plywood och PU-tejpade handtag. F\u00f6rpackat i en bomullsp\u00e5se med en n\u00e4t- och en solid sida. Gummiboll ing\u00e5r. Tjockleken p\u00e5 racketen \u00e4r ca 1,2 cm och racketen har h\u00e5l.<\/p>\n","protected":false},"excerpt":{"rendered":"<p>Tennisset i rosentr\u00e4 med plywood och PU-tejpade handtag. F\u00f6rpackat i en bomullsp\u00e5se med en n\u00e4t- och en solid sida. Gummiboll ing\u00e5r. Tjockleken p\u00e5 racketen \u00e4r ca 1,2 cm och racketen har h\u00e5l.<\/p>\n","protected":false},"featured_media":34845,"template":"","meta":{"_acf_changed":false,"_seopress_robots_primary_cat":"","_seopress_titles_title":"","_seopress_titles_desc":"","_seopress_robots_index":""},"product_brand":[],"product_cat":[15],"product_tag":[],"class_list":{"0":"post-34844","1":"product","2":"type-product","3":"status-publish","4":"has-post-thumbnail","6":"product_cat-okategoriserad","7":"atta45_taxonomy-tema-inspiration-grona-intryck-eco-basic-sv","8":"atta45_taxonomy-tema-inspiration-ogonblick-en-dag-i-parken-sv","9":"atta45_taxonomy-fritid-sv","10":"atta45_taxonomy-tema-inspiration-grona-intryck-sv","11":"atta45_taxonomy-tema-inspiration-utvalda-produkter-nyheter-sv","12":"atta45_taxonomy-nyheter-sv","13":"atta45_taxonomy-tema-inspiration-branscher-rekreation-sv","14":"atta45_taxonomy-fritid-spel-leksaker-spel-sv","15":"atta45_taxonomy-fritid-spel-leksaker-sv","16":"atta45_taxonomy-fritid-sportartiklar-sv","17":"atta45_taxonomy-tema-inspiration-sv","18":"atta45_taxonomy-fritid-spel-leksaker-uppblasbart-strandartiklar-sv","19":"atta45_taxonomy-fritid-uppblasbart-strandartiklar-sv","21":"first","22":"instock","23":"taxable","24":"shipping-taxable","25":"purchasable","26":"product-type-variable"},"acf":[],"_links":{"self":[{"href":"https:\/\/www.atta45.se\/e-butik\/wp-json\/wp\/v2\/product\/34844","targetHints":{"allow":["GET"]}}],"collection":[{"href":"https:\/\/www.atta45.se\/e-butik\/wp-json\/wp\/v2\/product"}],"about":[{"href":"https:\/\/www.atta45.se\/e-butik\/wp-json\/wp\/v2\/types\/product"}],"wp:featuredmedia":[{"embeddable":true,"href":"https:\/\/www.atta45.se\/e-butik\/wp-json\/wp\/v2\/media\/34845"}],"wp:attachment":[{"href":"https:\/\/www.atta45.se\/e-butik\/wp-json\/wp\/v2\/media?parent=34844"}],"wp:term":[{"taxonomy":"product_brand","embeddable":true,"href":"https:\/\/www.atta45.se\/e-butik\/wp-json\/wp\/v2\/product_brand?post=34844"},{"taxonomy":"product_cat","embeddable":true,"href":"https:\/\/www.atta45.se\/e-butik\/wp-json\/wp\/v2\/product_cat?post=34844"},{"taxonomy":"product_tag","embeddable":true,"href":"https:\/\/www.atta45.se\/e-butik\/wp-json\/wp\/v2\/product_tag?post=34844"}],"curies":[{"name":"wp","href":"https:\/\/api.w.org\/{rel}","templated":true}]}}