{"id":34724,"date":"2024-12-26T17:37:09","date_gmt":"2024-12-26T16:37:09","guid":{"rendered":"https:\/\/www.atta45.se\/e-butik\/?post_type=product&#038;p=34724"},"modified":"2025-10-27T19:28:42","modified_gmt":"2025-10-27T18:28:42","slug":"rostfri-stalkopp-350ml-reid","status":"publish","type":"product","link":"https:\/\/www.atta45.se\/e-butik\/produkt\/rostfri-stalkopp-350ml-reid\/","title":{"rendered":"Rostfri st\u00e5lkopp (350ml) Reid"},"content":{"rendered":"<p>Kopp i rostfritt st\u00e5l (350 ml). Insidan \u00e4r 304 rostfritt st\u00e5l, utsidan \u00e4r 201 rostfritt st\u00e5l. F\u00f6rpackad i bulk med \u00e5tervunna polyp\u00e5sar per styck. Denna produkt kan inte diskas i diskmaskin.<\/p>\n","protected":false},"excerpt":{"rendered":"<p>Kopp i rostfritt st\u00e5l (350 ml). Insidan \u00e4r 304 rostfritt st\u00e5l, utsidan \u00e4r 201 rostfritt st\u00e5l. F\u00f6rpackad i bulk med \u00e5tervunna polyp\u00e5sar per styck. Denna produkt kan inte diskas i diskmaskin.<\/p>\n","protected":false},"featured_media":34725,"template":"","meta":{"_acf_changed":false,"_seopress_robots_primary_cat":"","_seopress_titles_title":"","_seopress_titles_desc":"","_seopress_robots_index":""},"product_brand":[],"product_cat":[15],"product_tag":[],"class_list":{"0":"post-34724","1":"product","2":"type-product","3":"status-publish","4":"has-post-thumbnail","6":"product_cat-okategoriserad","7":"atta45_taxonomy-tema-inspiration-ogonblick-en-dag-i-parken-sv","8":"atta45_taxonomy-fritid-sv","9":"atta45_taxonomy-hem-hushall-koppar-sv","10":"atta45_taxonomy-muggar-koppar-sv","11":"atta45_taxonomy-hem-hushall-muggar-sv","12":"atta45_taxonomy-muggar-muggar-sv","13":"atta45_taxonomy-tema-inspiration-utvalda-produkter-nyheter-sv","14":"atta45_taxonomy-nyheter-sv","15":"atta45_taxonomy-fritid-overlevnadsprodukter-sv","16":"atta45_taxonomy-reflexer-verktyg-sakerhet-overlevnadsprodukter-sv","17":"atta45_taxonomy-tema-inspiration-ogonblick-pa-vagen-sv","18":"atta45_taxonomy-fritid-picknickset-sv","19":"atta45_taxonomy-tema-inspiration-sv","21":"first","22":"instock","23":"taxable","24":"shipping-taxable","25":"purchasable","26":"product-type-variable"},"acf":[],"_links":{"self":[{"href":"https:\/\/www.atta45.se\/e-butik\/wp-json\/wp\/v2\/product\/34724","targetHints":{"allow":["GET"]}}],"collection":[{"href":"https:\/\/www.atta45.se\/e-butik\/wp-json\/wp\/v2\/product"}],"about":[{"href":"https:\/\/www.atta45.se\/e-butik\/wp-json\/wp\/v2\/types\/product"}],"wp:featuredmedia":[{"embeddable":true,"href":"https:\/\/www.atta45.se\/e-butik\/wp-json\/wp\/v2\/media\/34725"}],"wp:attachment":[{"href":"https:\/\/www.atta45.se\/e-butik\/wp-json\/wp\/v2\/media?parent=34724"}],"wp:term":[{"taxonomy":"product_brand","embeddable":true,"href":"https:\/\/www.atta45.se\/e-butik\/wp-json\/wp\/v2\/product_brand?post=34724"},{"taxonomy":"product_cat","embeddable":true,"href":"https:\/\/www.atta45.se\/e-butik\/wp-json\/wp\/v2\/product_cat?post=34724"},{"taxonomy":"product_tag","embeddable":true,"href":"https:\/\/www.atta45.se\/e-butik\/wp-json\/wp\/v2\/product_tag?post=34724"}],"curies":[{"name":"wp","href":"https:\/\/api.w.org\/{rel}","templated":true}]}}