{"id":34678,"date":"2024-12-26T17:35:46","date_gmt":"2024-12-26T16:35:46","guid":{"rendered":"https:\/\/www.atta45.se\/e-butik\/?post_type=product&#038;p=34678"},"modified":"2025-10-27T16:58:33","modified_gmt":"2025-10-27T15:58:33","slug":"vattenflaska-500-ml-i-rostfritt-stal-med-dubbla-vaggar-christian","status":"publish","type":"product","link":"https:\/\/www.atta45.se\/e-butik\/produkt\/vattenflaska-500-ml-i-rostfritt-stal-med-dubbla-vaggar-christian\/","title":{"rendered":"Vattenflaska (500 ml) i rostfritt st\u00e5l med dubbla v\u00e4ggar Christian"},"content":{"rendered":"<p>Flaska i rostfritt st\u00e5l (s\/s304) (500 ml) med dubbelv\u00e4gg och plastlock med bambu-look. Individuellt f\u00f6rpackad i brun kartong.<\/p>\n","protected":false},"excerpt":{"rendered":"<p>Flaska i rostfritt st\u00e5l (s\/s304) (500 ml) med dubbelv\u00e4gg och plastlock med bambu-look. Individuellt f\u00f6rpackad i brun kartong.<\/p>\n","protected":false},"featured_media":34679,"template":"","meta":{"_acf_changed":false,"_seopress_robots_primary_cat":"","_seopress_titles_title":"","_seopress_titles_desc":"","_seopress_robots_index":""},"product_brand":[],"product_cat":[15],"product_tag":[],"class_list":{"0":"post-34678","1":"product","2":"type-product","3":"status-publish","4":"has-post-thumbnail","6":"product_cat-okategoriserad","7":"atta45_taxonomy-tema-inspiration-speciella-trycktekniker-360-fullfargstryck-sv","8":"atta45_taxonomy-tema-inspiration-speciella-trycktekniker-360-laser-sv","9":"atta45_taxonomy-tema-inspiration-grona-intryck-eco-basic-sv","10":"atta45_taxonomy-flaskor-sv","11":"atta45_taxonomy-tema-inspiration-grona-intryck-sv","12":"atta45_taxonomy-tema-inspiration-speciella-trycktekniker-name-it-sv","13":"atta45_taxonomy-tema-inspiration-speciella-trycktekniker-mega-laser-sv","14":"atta45_taxonomy-tema-inspiration-ogonblick-pa-vagen-sv","15":"atta45_taxonomy-tema-inspiration-speciella-trycktekniker-sv","16":"atta45_taxonomy-tema-inspiration-sv","17":"atta45_taxonomy-fritid-vattenflaskor-sv","19":"first","20":"instock","21":"taxable","22":"shipping-taxable","23":"purchasable","24":"product-type-variable"},"acf":[],"_links":{"self":[{"href":"https:\/\/www.atta45.se\/e-butik\/wp-json\/wp\/v2\/product\/34678","targetHints":{"allow":["GET"]}}],"collection":[{"href":"https:\/\/www.atta45.se\/e-butik\/wp-json\/wp\/v2\/product"}],"about":[{"href":"https:\/\/www.atta45.se\/e-butik\/wp-json\/wp\/v2\/types\/product"}],"wp:featuredmedia":[{"embeddable":true,"href":"https:\/\/www.atta45.se\/e-butik\/wp-json\/wp\/v2\/media\/34679"}],"wp:attachment":[{"href":"https:\/\/www.atta45.se\/e-butik\/wp-json\/wp\/v2\/media?parent=34678"}],"wp:term":[{"taxonomy":"product_brand","embeddable":true,"href":"https:\/\/www.atta45.se\/e-butik\/wp-json\/wp\/v2\/product_brand?post=34678"},{"taxonomy":"product_cat","embeddable":true,"href":"https:\/\/www.atta45.se\/e-butik\/wp-json\/wp\/v2\/product_cat?post=34678"},{"taxonomy":"product_tag","embeddable":true,"href":"https:\/\/www.atta45.se\/e-butik\/wp-json\/wp\/v2\/product_tag?post=34678"}],"curies":[{"name":"wp","href":"https:\/\/api.w.org\/{rel}","templated":true}]}}