{"id":343967,"date":"2025-04-18T16:57:20","date_gmt":"2025-04-18T14:57:20","guid":{"rendered":"https:\/\/www.atta45.se\/e-butik\/produkt\/flaska-i-rostfritt-stal-650-ml-cindy\/"},"modified":"2025-10-27T21:02:48","modified_gmt":"2025-10-27T20:02:48","slug":"flaska-i-rostfritt-stal-650-ml-cindy","status":"publish","type":"product","link":"https:\/\/www.atta45.se\/e-butik\/produkt\/flaska-i-rostfritt-stal-650-ml-cindy\/","title":{"rendered":"Flaska i rostfritt st\u00e5l (650 ml) Cindy"},"content":{"rendered":"<p>Rostfri enkelv\u00e4ggig flaska (650 ml) med PS-lock och silikonrem. Flaska tillverkad av rostfritt st\u00e5l 304. Individuellt f\u00f6rpackad i en brun kartong.<\/p>\n","protected":false},"excerpt":{"rendered":"<p>Rostfri enkelv\u00e4ggig flaska (650 ml) med PS-lock och silikonrem. Flaska tillverkad av rostfritt st\u00e5l 304. Individuellt f\u00f6rpackad i en brun kartong.<\/p>\n","protected":false},"featured_media":304828,"template":"","meta":{"_acf_changed":false,"_seopress_robots_primary_cat":"","_seopress_titles_title":"","_seopress_titles_desc":"","_seopress_robots_index":""},"product_brand":[],"product_cat":[15],"product_tag":[],"class_list":{"0":"post-343967","1":"product","2":"type-product","3":"status-publish","4":"has-post-thumbnail","6":"product_cat-okategoriserad","7":"atta45_taxonomy-flaskor-sv","8":"atta45_taxonomy-tema-inspiration-grona-intryck-sv","9":"atta45_taxonomy-fritid-vattenflaskor-sv","11":"first","12":"instock","13":"taxable","14":"shipping-taxable","15":"purchasable","16":"product-type-variable"},"acf":[],"_links":{"self":[{"href":"https:\/\/www.atta45.se\/e-butik\/wp-json\/wp\/v2\/product\/343967","targetHints":{"allow":["GET"]}}],"collection":[{"href":"https:\/\/www.atta45.se\/e-butik\/wp-json\/wp\/v2\/product"}],"about":[{"href":"https:\/\/www.atta45.se\/e-butik\/wp-json\/wp\/v2\/types\/product"}],"wp:featuredmedia":[{"embeddable":true,"href":"https:\/\/www.atta45.se\/e-butik\/wp-json\/wp\/v2\/media\/304828"}],"wp:attachment":[{"href":"https:\/\/www.atta45.se\/e-butik\/wp-json\/wp\/v2\/media?parent=343967"}],"wp:term":[{"taxonomy":"product_brand","embeddable":true,"href":"https:\/\/www.atta45.se\/e-butik\/wp-json\/wp\/v2\/product_brand?post=343967"},{"taxonomy":"product_cat","embeddable":true,"href":"https:\/\/www.atta45.se\/e-butik\/wp-json\/wp\/v2\/product_cat?post=343967"},{"taxonomy":"product_tag","embeddable":true,"href":"https:\/\/www.atta45.se\/e-butik\/wp-json\/wp\/v2\/product_tag?post=343967"}],"curies":[{"name":"wp","href":"https:\/\/api.w.org\/{rel}","templated":true}]}}