{"id":33922,"date":"2024-12-26T17:31:01","date_gmt":"2024-12-26T16:31:01","guid":{"rendered":"https:\/\/www.atta45.se\/e-butik\/?post_type=product&#038;p=33922"},"modified":"2025-10-27T14:47:40","modified_gmt":"2025-10-27T13:47:40","slug":"flaska-med-dubbla-vaggar-i-rostfritt-stal-500-ml","status":"publish","type":"product","link":"https:\/\/www.atta45.se\/e-butik\/produkt\/flaska-med-dubbla-vaggar-i-rostfritt-stal-500-ml\/","title":{"rendered":"Flaska med dubbla v\u00e4ggar i rostfritt st\u00e5l (500 ml) Lombok"},"content":{"rendered":"<p>Flaska (500 ml) i rostfritt st\u00e5l, dubbla v\u00e4ggar. Skruvkork.<\/p>\n","protected":false},"excerpt":{"rendered":"<p>Flaska (500 ml) i rostfritt st\u00e5l, dubbla v\u00e4ggar. Skruvkork.<\/p>\n","protected":false},"featured_media":33923,"template":"","meta":{"_acf_changed":false,"_seopress_robots_primary_cat":"","_seopress_titles_title":"","_seopress_titles_desc":"","_seopress_robots_index":""},"product_brand":[],"product_cat":[15],"product_tag":[],"class_list":{"0":"post-33922","1":"product","2":"type-product","3":"status-publish","4":"has-post-thumbnail","6":"product_cat-okategoriserad","7":"atta45_taxonomy-tema-inspiration-speciella-trycktekniker-360-fullfargstryck-sv","8":"atta45_taxonomy-tema-inspiration-speciella-trycktekniker-360-laser-sv","9":"atta45_taxonomy-flaskor-sv","10":"atta45_taxonomy-tema-inspiration-sasong-host-sv","11":"atta45_taxonomy-tema-inspiration-speciella-trycktekniker-name-it-sv","12":"atta45_taxonomy-tema-inspiration-speciella-trycktekniker-mega-laser-sv","13":"atta45_taxonomy-tema-inspiration-sasong-sv","14":"atta45_taxonomy-tema-inspiration-utvalda-produkter-snabbleverans-sv","15":"atta45_taxonomy-tema-inspiration-sasong-sommar-sv","16":"atta45_taxonomy-tema-inspiration-speciella-trycktekniker-sv","17":"atta45_taxonomy-tema-inspiration-sv","18":"atta45_taxonomy-hem-hushall-termos-sv","19":"atta45_taxonomy-fritid-termos-sv","20":"atta45_taxonomy-fritid-vattenflaskor-sv","21":"atta45_taxonomy-tema-inspiration-sasong-vinter-sv","22":"atta45_taxonomy-tema-inspiration-ogonblick-vinterlandskap-sv","24":"first","25":"instock","26":"taxable","27":"shipping-taxable","28":"purchasable","29":"product-type-variable"},"acf":[],"_links":{"self":[{"href":"https:\/\/www.atta45.se\/e-butik\/wp-json\/wp\/v2\/product\/33922","targetHints":{"allow":["GET"]}}],"collection":[{"href":"https:\/\/www.atta45.se\/e-butik\/wp-json\/wp\/v2\/product"}],"about":[{"href":"https:\/\/www.atta45.se\/e-butik\/wp-json\/wp\/v2\/types\/product"}],"wp:featuredmedia":[{"embeddable":true,"href":"https:\/\/www.atta45.se\/e-butik\/wp-json\/wp\/v2\/media\/33923"}],"wp:attachment":[{"href":"https:\/\/www.atta45.se\/e-butik\/wp-json\/wp\/v2\/media?parent=33922"}],"wp:term":[{"taxonomy":"product_brand","embeddable":true,"href":"https:\/\/www.atta45.se\/e-butik\/wp-json\/wp\/v2\/product_brand?post=33922"},{"taxonomy":"product_cat","embeddable":true,"href":"https:\/\/www.atta45.se\/e-butik\/wp-json\/wp\/v2\/product_cat?post=33922"},{"taxonomy":"product_tag","embeddable":true,"href":"https:\/\/www.atta45.se\/e-butik\/wp-json\/wp\/v2\/product_tag?post=33922"}],"curies":[{"name":"wp","href":"https:\/\/api.w.org\/{rel}","templated":true}]}}