{"id":33844,"date":"2024-12-26T17:30:32","date_gmt":"2024-12-26T16:30:32","guid":{"rendered":"https:\/\/www.atta45.se\/e-butik\/?post_type=product&#038;p=33844"},"modified":"2025-10-27T14:06:36","modified_gmt":"2025-10-27T13:06:36","slug":"termomugg-i-rostfritt-stal-460-ml","status":"publish","type":"product","link":"https:\/\/www.atta45.se\/e-butik\/produkt\/termomugg-i-rostfritt-stal-460-ml\/","title":{"rendered":"Termomugg i rostfritt st\u00e5l (460 ml) Kamir"},"content":{"rendered":"<p>Termomugg i st\u00e5l med dubbla v\u00e4ggar (460 ml).<\/p>\n","protected":false},"excerpt":{"rendered":"<p>Termomugg i st\u00e5l med dubbla v\u00e4ggar (460 ml).<\/p>\n","protected":false},"featured_media":33845,"template":"","meta":{"_acf_changed":false,"_seopress_robots_primary_cat":"","_seopress_titles_title":"","_seopress_titles_desc":"","_seopress_robots_index":""},"product_brand":[],"product_cat":[15],"product_tag":[],"class_list":{"0":"post-33844","1":"product","2":"type-product","3":"status-publish","4":"has-post-thumbnail","6":"product_cat-okategoriserad","7":"atta45_taxonomy-flaskor-sv","8":"atta45_taxonomy-tema-inspiration-speciella-trycktekniker-mega-laser-sv","9":"atta45_taxonomy-tema-inspiration-speciella-trycktekniker-sv","10":"atta45_taxonomy-tema-inspiration-sv","11":"atta45_taxonomy-hem-hushall-termos-sv","12":"atta45_taxonomy-fritid-termos-sv","13":"atta45_taxonomy-fritid-vattenflaskor-sv","14":"atta45_taxonomy-tema-inspiration-ogonblick-vinterlandskap-sv","16":"first","17":"instock","18":"taxable","19":"shipping-taxable","20":"purchasable","21":"product-type-variable"},"acf":[],"_links":{"self":[{"href":"https:\/\/www.atta45.se\/e-butik\/wp-json\/wp\/v2\/product\/33844","targetHints":{"allow":["GET"]}}],"collection":[{"href":"https:\/\/www.atta45.se\/e-butik\/wp-json\/wp\/v2\/product"}],"about":[{"href":"https:\/\/www.atta45.se\/e-butik\/wp-json\/wp\/v2\/types\/product"}],"wp:featuredmedia":[{"embeddable":true,"href":"https:\/\/www.atta45.se\/e-butik\/wp-json\/wp\/v2\/media\/33845"}],"wp:attachment":[{"href":"https:\/\/www.atta45.se\/e-butik\/wp-json\/wp\/v2\/media?parent=33844"}],"wp:term":[{"taxonomy":"product_brand","embeddable":true,"href":"https:\/\/www.atta45.se\/e-butik\/wp-json\/wp\/v2\/product_brand?post=33844"},{"taxonomy":"product_cat","embeddable":true,"href":"https:\/\/www.atta45.se\/e-butik\/wp-json\/wp\/v2\/product_cat?post=33844"},{"taxonomy":"product_tag","embeddable":true,"href":"https:\/\/www.atta45.se\/e-butik\/wp-json\/wp\/v2\/product_tag?post=33844"}],"curies":[{"name":"wp","href":"https:\/\/api.w.org\/{rel}","templated":true}]}}