{"id":334539,"date":"2025-04-18T12:15:42","date_gmt":"2025-04-18T10:15:42","guid":{"rendered":"https:\/\/www.atta45.se\/e-butik\/produkt\/basile-men-mens-cotton-pique-shirt\/"},"modified":"2025-10-28T01:55:55","modified_gmt":"2025-10-28T00:55:55","slug":"basile-men-mens-cotton-pique-shirt","status":"publish","type":"product","link":"https:\/\/www.atta45.se\/e-butik\/produkt\/basile-men-mens-cotton-pique-shirt\/","title":{"rendered":"Pik\u00e9tr\u00f6ja &#8211; Herrbomull Basile Men"},"content":{"rendered":"<p>MEN&#8217;S COTTON PIQU\u00c9 SHIRT (BASILE MEN)<\/p>\n<p>The only apparently classic NEOBLU BASILE shirt is made of 100% organic cotton piqu\u00e9, a material that gives it a more casual style allowing it to be paired with all types of trousers and jackets.<\/p>\n<p>100% combed organic cotton &#8211; In conversion<br \/>Long sleeves<br \/>Classic collar<br \/>Adjustable round cuffs with 2 buttons<br \/>7-button placket<br \/>Tone-on-tone buttons<br \/>PIQUE 190<br \/>Available in: S &#8211; 4XL<\/p>\n","protected":false},"excerpt":{"rendered":"<p>MEN&#8217;S COTTON PIQU\u00c9 SHIRT (BASILE MEN) The only apparently classic NEOBLU BASILE shirt is made of 100% organic cotton piqu\u00e9, a material that gives it a more casual style allowing it to be paired with all types of trousers and jackets. 100% combed organic cotton &#8211; In conversionLong sleevesClassic collarAdjustable round cuffs with 2 buttons7-button [&hellip;]<\/p>\n","protected":false},"featured_media":334594,"template":"","meta":{"_acf_changed":false,"_seopress_robots_primary_cat":"","_seopress_titles_title":"","_seopress_titles_desc":"","_seopress_robots_index":""},"product_brand":[],"product_cat":[15],"product_tag":[],"class_list":{"0":"post-334539","1":"product","2":"type-product","3":"status-publish","4":"has-post-thumbnail","6":"product_cat-okategoriserad","7":"atta45_taxonomy-textil-kontor-foretag-sv","8":"atta45_taxonomy-textil-organiskt-sv","10":"first","11":"instock","12":"taxable","13":"shipping-taxable","14":"purchasable","15":"product-type-variable"},"acf":[],"_links":{"self":[{"href":"https:\/\/www.atta45.se\/e-butik\/wp-json\/wp\/v2\/product\/334539","targetHints":{"allow":["GET"]}}],"collection":[{"href":"https:\/\/www.atta45.se\/e-butik\/wp-json\/wp\/v2\/product"}],"about":[{"href":"https:\/\/www.atta45.se\/e-butik\/wp-json\/wp\/v2\/types\/product"}],"wp:featuredmedia":[{"embeddable":true,"href":"https:\/\/www.atta45.se\/e-butik\/wp-json\/wp\/v2\/media\/334594"}],"wp:attachment":[{"href":"https:\/\/www.atta45.se\/e-butik\/wp-json\/wp\/v2\/media?parent=334539"}],"wp:term":[{"taxonomy":"product_brand","embeddable":true,"href":"https:\/\/www.atta45.se\/e-butik\/wp-json\/wp\/v2\/product_brand?post=334539"},{"taxonomy":"product_cat","embeddable":true,"href":"https:\/\/www.atta45.se\/e-butik\/wp-json\/wp\/v2\/product_cat?post=334539"},{"taxonomy":"product_tag","embeddable":true,"href":"https:\/\/www.atta45.se\/e-butik\/wp-json\/wp\/v2\/product_tag?post=334539"}],"curies":[{"name":"wp","href":"https:\/\/api.w.org\/{rel}","templated":true}]}}