{"id":33076,"date":"2024-12-26T17:25:34","date_gmt":"2024-12-26T16:25:34","guid":{"rendered":"https:\/\/www.atta45.se\/e-butik\/?post_type=product&#038;p=33076"},"modified":"2025-10-27T22:47:33","modified_gmt":"2025-10-27T21:47:33","slug":"mugg-pa-burk-med-karbinhake-220-ml","status":"publish","type":"product","link":"https:\/\/www.atta45.se\/e-butik\/produkt\/mugg-pa-burk-med-karbinhake-220-ml\/","title":{"rendered":"Mugg (220ml), ihopf\u00e4llbar, PET, Dolly"},"content":{"rendered":"<p>Mugg p\u00e5 burk av plast med karbinhake i metall. \u00d6ppna locket, drag ut muggen och skapa snabbt ett dricksglas. Inv\u00e4ndigt i asken finns \u00e4ven en f\u00f6rvaringsburk med lock.<\/p>\n","protected":false},"excerpt":{"rendered":"<p>Mugg p\u00e5 burk av plast med karbinhake i metall. \u00d6ppna locket, drag ut muggen och skapa snabbt ett dricksglas. Inv\u00e4ndigt i asken finns \u00e4ven en f\u00f6rvaringsburk med lock.<\/p>\n","protected":false},"featured_media":33077,"template":"","meta":{"_acf_changed":false,"_seopress_robots_primary_cat":"","_seopress_titles_title":"","_seopress_titles_desc":"","_seopress_robots_index":""},"product_brand":[],"product_cat":[15],"product_tag":[],"class_list":{"0":"post-33076","1":"product","2":"type-product","3":"status-publish","4":"has-post-thumbnail","6":"product_cat-okategoriserad","7":"atta45_taxonomy-flaskor-sv","8":"atta45_taxonomy-tema-inspiration-ogonblick-sommargladje-sv","9":"atta45_taxonomy-tema-inspiration-speciella-trycktekniker-sv","10":"atta45_taxonomy-tema-inspiration-ogonblick-sporthandelser-sv","11":"atta45_taxonomy-tema-inspiration-sv","12":"atta45_taxonomy-fritid-vattenflaskor-sv","14":"first","15":"instock","16":"taxable","17":"shipping-taxable","18":"purchasable","19":"product-type-variable"},"acf":[],"_links":{"self":[{"href":"https:\/\/www.atta45.se\/e-butik\/wp-json\/wp\/v2\/product\/33076","targetHints":{"allow":["GET"]}}],"collection":[{"href":"https:\/\/www.atta45.se\/e-butik\/wp-json\/wp\/v2\/product"}],"about":[{"href":"https:\/\/www.atta45.se\/e-butik\/wp-json\/wp\/v2\/types\/product"}],"wp:featuredmedia":[{"embeddable":true,"href":"https:\/\/www.atta45.se\/e-butik\/wp-json\/wp\/v2\/media\/33077"}],"wp:attachment":[{"href":"https:\/\/www.atta45.se\/e-butik\/wp-json\/wp\/v2\/media?parent=33076"}],"wp:term":[{"taxonomy":"product_brand","embeddable":true,"href":"https:\/\/www.atta45.se\/e-butik\/wp-json\/wp\/v2\/product_brand?post=33076"},{"taxonomy":"product_cat","embeddable":true,"href":"https:\/\/www.atta45.se\/e-butik\/wp-json\/wp\/v2\/product_cat?post=33076"},{"taxonomy":"product_tag","embeddable":true,"href":"https:\/\/www.atta45.se\/e-butik\/wp-json\/wp\/v2\/product_tag?post=33076"}],"curies":[{"name":"wp","href":"https:\/\/api.w.org\/{rel}","templated":true}]}}