{"id":32918,"date":"2024-12-26T17:24:28","date_gmt":"2024-12-26T16:24:28","guid":{"rendered":"https:\/\/www.atta45.se\/e-butik\/?post_type=product&#038;p=32918"},"modified":"2025-10-27T20:38:47","modified_gmt":"2025-10-27T19:38:47","slug":"mugg-i-benporslin-paula","status":"publish","type":"product","link":"https:\/\/www.atta45.se\/e-butik\/produkt\/mugg-i-benporslin-paula\/","title":{"rendered":"Mugg i benporslin Paula"},"content":{"rendered":"<p>Mugg i benporslin, tv\u00e5f\u00e4rgad (350 ml). (S\u00e4ljs per 48 st, prisangivelse per styck). F\u00f6rpackat i presentbox.<\/p>\n","protected":false},"excerpt":{"rendered":"<p>Mugg i benporslin, tv\u00e5f\u00e4rgad (350 ml). (S\u00e4ljs per 48 st, prisangivelse per styck). F\u00f6rpackat i presentbox.<\/p>\n","protected":false},"featured_media":32919,"template":"","meta":{"_acf_changed":false,"_seopress_robots_primary_cat":"","_seopress_titles_title":"","_seopress_titles_desc":"","_seopress_robots_index":""},"product_brand":[],"product_cat":[15],"product_tag":[],"class_list":{"0":"post-32918","1":"product","2":"type-product","3":"status-publish","4":"has-post-thumbnail","6":"product_cat-okategoriserad","7":"atta45_taxonomy-tema-inspiration-ogonblick-fargglad-lycka-sv","8":"atta45_taxonomy-flaskor-sv","9":"atta45_taxonomy-tema-inspiration-sasong-host-sv","10":"atta45_taxonomy-hem-hushall-koppar-sv","11":"atta45_taxonomy-muggar-koppar-sv","12":"atta45_taxonomy-hem-hushall-muggar-sv","13":"atta45_taxonomy-muggar-muggar-sv","14":"atta45_taxonomy-fritid-muggar-koppar-sv","15":"atta45_taxonomy-tema-inspiration-sasong-sv","16":"atta45_taxonomy-tema-inspiration-sv","17":"atta45_taxonomy-fritid-vattenflaskor-sv","18":"atta45_taxonomy-tema-inspiration-sasong-vinter-sv","20":"first","21":"instock","22":"taxable","23":"shipping-taxable","24":"purchasable","25":"product-type-variable"},"acf":[],"_links":{"self":[{"href":"https:\/\/www.atta45.se\/e-butik\/wp-json\/wp\/v2\/product\/32918","targetHints":{"allow":["GET"]}}],"collection":[{"href":"https:\/\/www.atta45.se\/e-butik\/wp-json\/wp\/v2\/product"}],"about":[{"href":"https:\/\/www.atta45.se\/e-butik\/wp-json\/wp\/v2\/types\/product"}],"wp:featuredmedia":[{"embeddable":true,"href":"https:\/\/www.atta45.se\/e-butik\/wp-json\/wp\/v2\/media\/32919"}],"wp:attachment":[{"href":"https:\/\/www.atta45.se\/e-butik\/wp-json\/wp\/v2\/media?parent=32918"}],"wp:term":[{"taxonomy":"product_brand","embeddable":true,"href":"https:\/\/www.atta45.se\/e-butik\/wp-json\/wp\/v2\/product_brand?post=32918"},{"taxonomy":"product_cat","embeddable":true,"href":"https:\/\/www.atta45.se\/e-butik\/wp-json\/wp\/v2\/product_cat?post=32918"},{"taxonomy":"product_tag","embeddable":true,"href":"https:\/\/www.atta45.se\/e-butik\/wp-json\/wp\/v2\/product_tag?post=32918"}],"curies":[{"name":"wp","href":"https:\/\/api.w.org\/{rel}","templated":true}]}}