{"id":32894,"date":"2024-12-26T17:24:19","date_gmt":"2024-12-26T16:24:19","guid":{"rendered":"https:\/\/www.atta45.se\/e-butik\/?post_type=product&#038;p=32894"},"modified":"2025-10-27T20:34:52","modified_gmt":"2025-10-27T19:34:52","slug":"rostfri-dubbelvaggig-flaska-500-ml-lieselotte","status":"publish","type":"product","link":"https:\/\/www.atta45.se\/e-butik\/produkt\/rostfri-dubbelvaggig-flaska-500-ml-lieselotte\/","title":{"rendered":"Rostfri dubbelv\u00e4ggig flaska (500 ml) Lieselotte"},"content":{"rendered":"<p>Vacuum dubbelv\u00e4ggig dricksflaska i rostfritt st\u00e5l (500 ml) med en PP-mugg (300 ml) i botten. Insidan \u00e4r av rostfritt st\u00e5l 304, utsidan av rostfritt st\u00e5l 201. PP-lock med AS transparent st\u00e4ngning, med en handledslina i polyester och b\u00e4rrem. Matta f\u00e4rger. Individuellt f\u00f6rpackad i brun kartong.<\/p>\n","protected":false},"excerpt":{"rendered":"<p>Vacuum dubbelv\u00e4ggig dricksflaska i rostfritt st\u00e5l (500 ml) med en PP-mugg (300 ml) i botten. Insidan \u00e4r av rostfritt st\u00e5l 304, utsidan av rostfritt st\u00e5l 201. PP-lock med AS transparent st\u00e4ngning, med en handledslina i polyester och b\u00e4rrem. Matta f\u00e4rger. Individuellt f\u00f6rpackad i brun kartong.<\/p>\n","protected":false},"featured_media":32895,"template":"","meta":{"_acf_changed":false,"_seopress_robots_primary_cat":"","_seopress_titles_title":"","_seopress_titles_desc":"","_seopress_robots_index":""},"product_brand":[],"product_cat":[15],"product_tag":[],"class_list":{"0":"post-32894","1":"product","2":"type-product","3":"status-publish","4":"has-post-thumbnail","6":"product_cat-okategoriserad","7":"atta45_taxonomy-flaskor-sv","8":"atta45_taxonomy-nyheter-sv","9":"atta45_taxonomy-tema-inspiration-utvalda-produkter-nyheter-sv","10":"atta45_taxonomy-fritid-vattenflaskor-sv","12":"first","13":"instock","14":"taxable","15":"shipping-taxable","16":"purchasable","17":"product-type-variable"},"acf":[],"_links":{"self":[{"href":"https:\/\/www.atta45.se\/e-butik\/wp-json\/wp\/v2\/product\/32894","targetHints":{"allow":["GET"]}}],"collection":[{"href":"https:\/\/www.atta45.se\/e-butik\/wp-json\/wp\/v2\/product"}],"about":[{"href":"https:\/\/www.atta45.se\/e-butik\/wp-json\/wp\/v2\/types\/product"}],"wp:featuredmedia":[{"embeddable":true,"href":"https:\/\/www.atta45.se\/e-butik\/wp-json\/wp\/v2\/media\/32895"}],"wp:attachment":[{"href":"https:\/\/www.atta45.se\/e-butik\/wp-json\/wp\/v2\/media?parent=32894"}],"wp:term":[{"taxonomy":"product_brand","embeddable":true,"href":"https:\/\/www.atta45.se\/e-butik\/wp-json\/wp\/v2\/product_brand?post=32894"},{"taxonomy":"product_cat","embeddable":true,"href":"https:\/\/www.atta45.se\/e-butik\/wp-json\/wp\/v2\/product_cat?post=32894"},{"taxonomy":"product_tag","embeddable":true,"href":"https:\/\/www.atta45.se\/e-butik\/wp-json\/wp\/v2\/product_tag?post=32894"}],"curies":[{"name":"wp","href":"https:\/\/api.w.org\/{rel}","templated":true}]}}