{"id":32858,"date":"2024-12-26T17:24:05","date_gmt":"2024-12-26T16:24:05","guid":{"rendered":"https:\/\/www.atta45.se\/e-butik\/?post_type=product&#038;p=32858"},"modified":"2025-10-27T20:28:16","modified_gmt":"2025-10-27T19:28:16","slug":"glasmugg-450-ml-marlies","status":"publish","type":"product","link":"https:\/\/www.atta45.se\/e-butik\/produkt\/glasmugg-450-ml-marlies\/","title":{"rendered":"Glasmugg (450 ml) Marlies"},"content":{"rendered":"<p>Glas (borosilikat) enkelv\u00e4ggig dricksmugg (450 ml) med korkhylsa. Bambu lock och sugr\u00f6r. L\u00e4mplig f\u00f6r varma och kalla drycker. Individuellt f\u00f6rpackad i brun kartong.<\/p>\n","protected":false},"excerpt":{"rendered":"<p>Glas (borosilikat) enkelv\u00e4ggig dricksmugg (450 ml) med korkhylsa. Bambu lock och sugr\u00f6r. L\u00e4mplig f\u00f6r varma och kalla drycker. Individuellt f\u00f6rpackad i brun kartong.<\/p>\n","protected":false},"featured_media":32859,"template":"","meta":{"_acf_changed":false,"_seopress_robots_primary_cat":"","_seopress_titles_title":"","_seopress_titles_desc":"","_seopress_robots_index":""},"product_brand":[],"product_cat":[15],"product_tag":[],"class_list":{"0":"post-32858","1":"product","2":"type-product","3":"status-publish","4":"has-post-thumbnail","6":"product_cat-okategoriserad","7":"atta45_taxonomy-tema-inspiration-grona-intryck-bambu-sv","8":"atta45_taxonomy-tema-inspiration-grona-intryck-eco-basic-sv","9":"atta45_taxonomy-flaskor-sv","10":"atta45_taxonomy-hem-hushall-glas-sv","11":"atta45_taxonomy-muggar-glas-sv","12":"atta45_taxonomy-tema-inspiration-grona-intryck-sv","13":"atta45_taxonomy-tema-inspiration-ogonblick-kontorsliv-sv","14":"atta45_taxonomy-tema-inspiration-utvalda-produkter-nyheter-sv","15":"atta45_taxonomy-nyheter-sv","16":"atta45_taxonomy-tema-inspiration-ogonblick-pa-vagen-sv","17":"atta45_taxonomy-tema-inspiration-sv","18":"atta45_taxonomy-fritid-vattenflaskor-sv","20":"first","21":"instock","22":"taxable","23":"shipping-taxable","24":"purchasable","25":"product-type-variable"},"acf":[],"_links":{"self":[{"href":"https:\/\/www.atta45.se\/e-butik\/wp-json\/wp\/v2\/product\/32858","targetHints":{"allow":["GET"]}}],"collection":[{"href":"https:\/\/www.atta45.se\/e-butik\/wp-json\/wp\/v2\/product"}],"about":[{"href":"https:\/\/www.atta45.se\/e-butik\/wp-json\/wp\/v2\/types\/product"}],"wp:featuredmedia":[{"embeddable":true,"href":"https:\/\/www.atta45.se\/e-butik\/wp-json\/wp\/v2\/media\/32859"}],"wp:attachment":[{"href":"https:\/\/www.atta45.se\/e-butik\/wp-json\/wp\/v2\/media?parent=32858"}],"wp:term":[{"taxonomy":"product_brand","embeddable":true,"href":"https:\/\/www.atta45.se\/e-butik\/wp-json\/wp\/v2\/product_brand?post=32858"},{"taxonomy":"product_cat","embeddable":true,"href":"https:\/\/www.atta45.se\/e-butik\/wp-json\/wp\/v2\/product_cat?post=32858"},{"taxonomy":"product_tag","embeddable":true,"href":"https:\/\/www.atta45.se\/e-butik\/wp-json\/wp\/v2\/product_tag?post=32858"}],"curies":[{"name":"wp","href":"https:\/\/api.w.org\/{rel}","templated":true}]}}