{"id":32047,"date":"2024-12-26T17:16:48","date_gmt":"2024-12-26T16:16:48","guid":{"rendered":"https:\/\/www.atta45.se\/e-butik\/?post_type=product&#038;p=32047"},"modified":"2025-10-28T04:48:23","modified_gmt":"2025-10-28T03:48:23","slug":"sign-mini-a3-poster","status":"publish","type":"product","link":"https:\/\/www.atta45.se\/e-butik\/produkt\/sign-mini-a3-poster\/","title":{"rendered":"Gatupratare Sign Mini A3 poster"},"content":{"rendered":"<p>Fint st\u00e4ll f\u00f6r bl a m\u00e4klare. Litet och l\u00e4tt att placera, l\u00e4tt att ta med sig n\u00e4r man l\u00e4mnar f\u00f6r dagen. Bildstorlek liggande A3, kan \u00e4ven best\u00e4llas som st\u00e5ende A3. Material: 22 mm kvalitetsst\u00e5l med 3 lager lac (vikt 4,5 kg). UV-t\u00e5lig transparent 0,8 mm akryl med magnetlist. M\u00e5tt H: 59 cm, B: 49 cm, D: 5 cm. Levereras 1 st i kartong.<\/p>\n","protected":false},"excerpt":{"rendered":"<p>Fint st\u00e4ll f\u00f6r bl a m\u00e4klare. Litet och l\u00e4tt att placera, l\u00e4tt att ta med sig n\u00e4r man l\u00e4mnar f\u00f6r dagen. Bildstorlek liggande A3, kan \u00e4ven best\u00e4llas som st\u00e5ende A3. Material: 22 mm kvalitetsst\u00e5l med 3 lager lac (vikt 4,5 kg). UV-t\u00e5lig transparent 0,8 mm akryl med magnetlist. M\u00e5tt H: 59 cm, B: 49 cm, [&hellip;]<\/p>\n","protected":false},"featured_media":32048,"template":"","meta":{"_acf_changed":false,"_seopress_robots_primary_cat":"","_seopress_titles_title":"","_seopress_titles_desc":"","_seopress_robots_index":""},"product_brand":[],"product_cat":[15],"product_tag":[],"class_list":{"0":"post-32047","1":"product","2":"type-product","3":"status-publish","4":"has-post-thumbnail","6":"product_cat-okategoriserad","7":"atta45_taxonomy-expo-event-poster-stall-sv","9":"first","10":"instock","11":"taxable","12":"shipping-taxable","13":"purchasable","14":"product-type-variable"},"acf":[],"_links":{"self":[{"href":"https:\/\/www.atta45.se\/e-butik\/wp-json\/wp\/v2\/product\/32047","targetHints":{"allow":["GET"]}}],"collection":[{"href":"https:\/\/www.atta45.se\/e-butik\/wp-json\/wp\/v2\/product"}],"about":[{"href":"https:\/\/www.atta45.se\/e-butik\/wp-json\/wp\/v2\/types\/product"}],"wp:featuredmedia":[{"embeddable":true,"href":"https:\/\/www.atta45.se\/e-butik\/wp-json\/wp\/v2\/media\/32048"}],"wp:attachment":[{"href":"https:\/\/www.atta45.se\/e-butik\/wp-json\/wp\/v2\/media?parent=32047"}],"wp:term":[{"taxonomy":"product_brand","embeddable":true,"href":"https:\/\/www.atta45.se\/e-butik\/wp-json\/wp\/v2\/product_brand?post=32047"},{"taxonomy":"product_cat","embeddable":true,"href":"https:\/\/www.atta45.se\/e-butik\/wp-json\/wp\/v2\/product_cat?post=32047"},{"taxonomy":"product_tag","embeddable":true,"href":"https:\/\/www.atta45.se\/e-butik\/wp-json\/wp\/v2\/product_tag?post=32047"}],"curies":[{"name":"wp","href":"https:\/\/api.w.org\/{rel}","templated":true}]}}