{"id":3196,"date":"2020-01-10T08:21:20","date_gmt":"2020-01-10T07:21:20","guid":{"rendered":"https:\/\/flipptryck.a-demo.se\/?post_type=product&#038;p=3196"},"modified":"2025-12-12T14:39:53","modified_gmt":"2025-12-12T13:39:53","slug":"skylt","status":"publish","type":"product","link":"https:\/\/www.atta45.se\/e-butik\/produkt\/skylt\/","title":{"rendered":"Skylt"},"content":{"rendered":"","protected":false},"excerpt":{"rendered":"<p>Vi tillverkar skyltar f\u00f6r m\u00e5nga olika anv\u00e4ndningsomr\u00e5den som anv\u00e4nds b\u00e5de inomhus och utomhus. V\u00e5ra printmetoder \u00e4r alltid utf\u00f6rda med senaste tekniken och garanterar h\u00f6gsta kvalit\u00e9. Vi erbjuder skyltar av utvalda material med olika h\u00e5llbarhet och vikt.<\/p>\n<p><strong>Forex print 5 mm<\/strong> \u00e4r en extruderad PVC-skiva (Brandklassad B1 enligt DIN 4102). Materialet har\u00a0mycket bra mekaniska egenskaper. PVC-skivans homogena cellstruktur tillsammans med dess silkeslena, matta yta ger ett perfekt tryckresultat. V\u00e4derbest\u00e4ndig och passar lika bra inne som utomhus.<\/p>\n<p><strong>Alupanel 3 mm<\/strong> har extra h\u00f6g h\u00e5llbarhet men \u00e4r samtidigt ett skyltmaterial med l\u00e5g vikt. Bel\u00e4ggningen av aluminium ger skivan fina bearbetningsm\u00f6jligheter samtidigt som materialet \u00e4r styvt och l\u00e4tt. Bel\u00e4ggningen p\u00e5 ytan av superpolyesterlack som ger utm\u00e4rkta tryckegenskaper.<\/p>\n<p><strong>Kapa 5 mm<\/strong>\u00a0\u00e4r ett extremt l\u00e4tt materialet med vit och sl\u00e4t yta. \u00c4ven kallad foamboard, cellpann\u00e5 eller cellcore. Kapa 5 mm anv\u00e4nds med f\u00f6rdel till inomhusskyltning exempelvis skyltar, studentskyltar, modellbyggen, anslagstavlor, affischer samt montering.<\/p>\n<p><strong>Kartong 510g<\/strong>\u00a0\u00e4r en styv kartong med mycket bra bild\u00e5tergivning. Anv\u00e4nds med f\u00f6rdel till\u00a0skyltar i mindre format.<\/p>\n<p>V\u00e4lj mellan olika format f\u00f6r din skylt: A6, A5, A4, A3, A2, A1, 310x500mm, 350x500mm, 500x320mm, 500x700mm, 700x1000mm, 1000x240mm, 1000x1400mm. Kontakta oss om din skylt har ett annat format s\u00e5 l\u00f6ser vi det!<\/p>\n<p>OBS: Vi kan endast ta emot en fil per produkt. Om ni vill ladda upp fler tryckoriginal, s\u00e5 skapa en mapp som ni l\u00e4gger filerna i. Sedan komprimerar ni mappen. Vi tar emot komprimerade format s\u00e5som: zip, rar, gz och 7z.<\/p>\n<p>&nbsp;<\/p>\n","protected":false},"featured_media":4400,"template":"","meta":{"_acf_changed":false,"_seopress_robots_primary_cat":"none","_seopress_titles_title":"Tryckta skyltar till bra priser | \u00c5tta.45 Tryckeri","_seopress_titles_desc":"Informera och visa vem du \u00e4r med hj\u00e4lp av h\u00e5llbara skyltar. Skyltar l\u00e5ter ditt budskap ska synas p\u00e5 l\u00e5ngt h\u00e5ll. Skyltar f\u00f6r b\u00e5de inom- och utomhus.","_seopress_robots_index":""},"product_brand":[],"product_cat":[15],"product_tag":[],"class_list":{"0":"post-3196","1":"product","2":"type-product","3":"status-publish","4":"has-post-thumbnail","6":"product_cat-okategoriserad","8":"first","9":"instock","10":"taxable","11":"shipping-taxable","12":"purchasable","13":"product-type-variable","14":"has-default-attributes"},"acf":[],"_links":{"self":[{"href":"https:\/\/www.atta45.se\/e-butik\/wp-json\/wp\/v2\/product\/3196","targetHints":{"allow":["GET"]}}],"collection":[{"href":"https:\/\/www.atta45.se\/e-butik\/wp-json\/wp\/v2\/product"}],"about":[{"href":"https:\/\/www.atta45.se\/e-butik\/wp-json\/wp\/v2\/types\/product"}],"wp:featuredmedia":[{"embeddable":true,"href":"https:\/\/www.atta45.se\/e-butik\/wp-json\/wp\/v2\/media\/4400"}],"wp:attachment":[{"href":"https:\/\/www.atta45.se\/e-butik\/wp-json\/wp\/v2\/media?parent=3196"}],"wp:term":[{"taxonomy":"product_brand","embeddable":true,"href":"https:\/\/www.atta45.se\/e-butik\/wp-json\/wp\/v2\/product_brand?post=3196"},{"taxonomy":"product_cat","embeddable":true,"href":"https:\/\/www.atta45.se\/e-butik\/wp-json\/wp\/v2\/product_cat?post=3196"},{"taxonomy":"product_tag","embeddable":true,"href":"https:\/\/www.atta45.se\/e-butik\/wp-json\/wp\/v2\/product_tag?post=3196"}],"curies":[{"name":"wp","href":"https:\/\/api.w.org\/{rel}","templated":true}]}}