{"id":3184,"date":"2020-01-09T15:23:13","date_gmt":"2020-01-09T14:23:13","guid":{"rendered":"https:\/\/flipptryck.a-demo.se\/?post_type=product&#038;p=3184"},"modified":"2025-12-12T14:42:11","modified_gmt":"2025-12-12T13:42:11","slug":"ljusladefilm","status":"publish","type":"product","link":"https:\/\/www.atta45.se\/e-butik\/produkt\/ljusladefilm\/","title":{"rendered":"Ljusl\u00e5defilm"},"content":{"rendered":"","protected":false},"excerpt":{"rendered":"<p>Ge din design djup och sk\u00e4rpa med ljus! Ditt budskap f\u00e5r en helt annan genomslagskraft i en ljusl\u00e5da. F\u00e4rger blir vackrare, bilder k\u00e4nns mer levande och hj\u00e4lper dig ytterligare att f\u00e5nga uppm\u00e4rksamheten. Idag anv\u00e4nder man huvudsakligen LED-belysning vilket ger ett j\u00e4mt och energisn\u00e5lt (milj\u00f6v\u00e4nligt) sken.<\/p>\n<p>Materialet vi anv\u00e4nder f\u00f6r tillverkning av ljusl\u00e5defilm \u00e4r en tunn och matt-bestruken transparent polyesterfilm av bra kvalitet. Bestrykningen \u00e4r vattent\u00e5lig och g\u00f6r att din ljusl\u00e5da klarar utomhusmilj\u00f6 lika bra som exponering inomhus.<\/p>\n<p>OBS: Vi kan endast ta emot en fil per produkt. Om ni vill ladda upp fler tryckoriginal, s\u00e5 skapa en mapp som ni l\u00e4gger filerna i. Sedan komprimerar ni mappen. Vi tar emot komprimerade format s\u00e5som: zip, rar, gz och 7z.<\/p>\n","protected":false},"featured_media":4399,"template":"","meta":{"_acf_changed":false,"_seopress_robots_primary_cat":"none","_seopress_titles_title":"Vi trycker ljusl\u00e5defilm till bra priser | \u00c5tta.45 Tryckeri","_seopress_titles_desc":"Ge din design djup och sk\u00e4rpa med ljus! Vi trycker ljusl\u00e5defilm p\u00e5 en transparent polyesterfilm som \u00e4r vattent\u00e5lig s\u00e5 att din ljusl\u00e5da kan vara utomhus.","_seopress_robots_index":""},"product_brand":[],"product_cat":[15,110],"product_tag":[],"class_list":{"0":"post-3184","1":"product","2":"type-product","3":"status-publish","4":"has-post-thumbnail","6":"product_cat-okategoriserad","7":"product_cat-butiksmaterial","9":"first","10":"instock","11":"taxable","12":"shipping-taxable","13":"purchasable","14":"product-type-variable","15":"has-default-attributes"},"acf":[],"_links":{"self":[{"href":"https:\/\/www.atta45.se\/e-butik\/wp-json\/wp\/v2\/product\/3184","targetHints":{"allow":["GET"]}}],"collection":[{"href":"https:\/\/www.atta45.se\/e-butik\/wp-json\/wp\/v2\/product"}],"about":[{"href":"https:\/\/www.atta45.se\/e-butik\/wp-json\/wp\/v2\/types\/product"}],"wp:featuredmedia":[{"embeddable":true,"href":"https:\/\/www.atta45.se\/e-butik\/wp-json\/wp\/v2\/media\/4399"}],"wp:attachment":[{"href":"https:\/\/www.atta45.se\/e-butik\/wp-json\/wp\/v2\/media?parent=3184"}],"wp:term":[{"taxonomy":"product_brand","embeddable":true,"href":"https:\/\/www.atta45.se\/e-butik\/wp-json\/wp\/v2\/product_brand?post=3184"},{"taxonomy":"product_cat","embeddable":true,"href":"https:\/\/www.atta45.se\/e-butik\/wp-json\/wp\/v2\/product_cat?post=3184"},{"taxonomy":"product_tag","embeddable":true,"href":"https:\/\/www.atta45.se\/e-butik\/wp-json\/wp\/v2\/product_tag?post=3184"}],"curies":[{"name":"wp","href":"https:\/\/api.w.org\/{rel}","templated":true}]}}