{"id":31837,"date":"2024-12-26T17:14:51","date_gmt":"2024-12-26T16:14:51","guid":{"rendered":"https:\/\/www.atta45.se\/e-butik\/?post_type=product&#038;p=31837"},"modified":"2025-10-28T04:35:50","modified_gmt":"2025-10-28T03:35:50","slug":"tygpelare-svangd","status":"publish","type":"product","link":"https:\/\/www.atta45.se\/e-butik\/produkt\/tygpelare-svangd\/","title":{"rendered":"Softpelare sv\u00e4ngd"},"content":{"rendered":"<p>Tygpelare med sv\u00e4ngd topp. storlek 85&#215;200 cm.  Tyget dras \u00f6ver aluminium ramen och st\u00e4ngs med en dragkedja, v\u00e4ger bara 4 kg.Levereas i en svart nylonv\u00e4ska Levereras 1 set i en svart nylonbag.<\/p>\n","protected":false},"excerpt":{"rendered":"<p>Tygpelare med sv\u00e4ngd topp. storlek 85&#215;200 cm. Tyget dras \u00f6ver aluminium ramen och st\u00e4ngs med en dragkedja, v\u00e4ger bara 4 kg.Levereas i en svart nylonv\u00e4ska Levereras 1 set i en svart nylonbag.<\/p>\n","protected":false},"featured_media":31838,"template":"","meta":{"_acf_changed":false,"_seopress_robots_primary_cat":"","_seopress_titles_title":"","_seopress_titles_desc":"","_seopress_robots_index":""},"product_brand":[],"product_cat":[15],"product_tag":[],"class_list":{"0":"post-31837","1":"product","2":"type-product","3":"status-publish","4":"has-post-thumbnail","6":"product_cat-okategoriserad","7":"atta45_taxonomy-expo-event-popup-displayer-sv","9":"first","10":"instock","11":"taxable","12":"shipping-taxable","13":"purchasable","14":"product-type-variable"},"acf":[],"_links":{"self":[{"href":"https:\/\/www.atta45.se\/e-butik\/wp-json\/wp\/v2\/product\/31837","targetHints":{"allow":["GET"]}}],"collection":[{"href":"https:\/\/www.atta45.se\/e-butik\/wp-json\/wp\/v2\/product"}],"about":[{"href":"https:\/\/www.atta45.se\/e-butik\/wp-json\/wp\/v2\/types\/product"}],"wp:featuredmedia":[{"embeddable":true,"href":"https:\/\/www.atta45.se\/e-butik\/wp-json\/wp\/v2\/media\/31838"}],"wp:attachment":[{"href":"https:\/\/www.atta45.se\/e-butik\/wp-json\/wp\/v2\/media?parent=31837"}],"wp:term":[{"taxonomy":"product_brand","embeddable":true,"href":"https:\/\/www.atta45.se\/e-butik\/wp-json\/wp\/v2\/product_brand?post=31837"},{"taxonomy":"product_cat","embeddable":true,"href":"https:\/\/www.atta45.se\/e-butik\/wp-json\/wp\/v2\/product_cat?post=31837"},{"taxonomy":"product_tag","embeddable":true,"href":"https:\/\/www.atta45.se\/e-butik\/wp-json\/wp\/v2\/product_tag?post=31837"}],"curies":[{"name":"wp","href":"https:\/\/api.w.org\/{rel}","templated":true}]}}