{"id":31579,"date":"2024-12-26T17:11:18","date_gmt":"2024-12-26T16:11:18","guid":{"rendered":"https:\/\/www.atta45.se\/e-butik\/?post_type=product&#038;p=31579"},"modified":"2025-10-28T04:36:18","modified_gmt":"2025-10-28T03:36:18","slug":"massdisk-velcro","status":"publish","type":"product","link":"https:\/\/www.atta45.se\/e-butik\/produkt\/massdisk-velcro\/","title":{"rendered":"M\u00e4ssdisk Velcro"},"content":{"rendered":"<p>M\u00e4ssdisk &#8221;Velcro&#8221;. Portabel och mycket l\u00e4tt att s\u00e4tta upp. Aluminiumram popup d\u00e4r man enkelt f\u00e4ster frontmotivet och l\u00e4gger p\u00e5 toppskivan. F\u00f6rvaringsm\u00f6jligheter bakom disken med ett hyllplan. M\u00e5tt 96&#215;40 cm.H\u00f6jd 100 cm, tryckstorlek 176&#215;100 cm, digitaltryckt. Levereras i en mjuk v\u00e4ska. Levereras 1 st i en kartong.<\/p>\n","protected":false},"excerpt":{"rendered":"<p>M\u00e4ssdisk &#8221;Velcro&#8221;. Portabel och mycket l\u00e4tt att s\u00e4tta upp. Aluminiumram popup d\u00e4r man enkelt f\u00e4ster frontmotivet och l\u00e4gger p\u00e5 toppskivan. F\u00f6rvaringsm\u00f6jligheter bakom disken med ett hyllplan. M\u00e5tt 96&#215;40 cm.H\u00f6jd 100 cm, tryckstorlek 176&#215;100 cm, digitaltryckt. Levereras i en mjuk v\u00e4ska. Levereras 1 st i en kartong.<\/p>\n","protected":false},"featured_media":31580,"template":"","meta":{"_acf_changed":false,"_seopress_robots_primary_cat":"","_seopress_titles_title":"","_seopress_titles_desc":"","_seopress_robots_index":""},"product_brand":[],"product_cat":[15],"product_tag":[],"class_list":{"0":"post-31579","1":"product","2":"type-product","3":"status-publish","4":"has-post-thumbnail","6":"product_cat-okategoriserad","7":"atta45_taxonomy-expo-event-massdiskar-sv","9":"first","10":"instock","11":"taxable","12":"shipping-taxable","13":"purchasable","14":"product-type-variable"},"acf":[],"_links":{"self":[{"href":"https:\/\/www.atta45.se\/e-butik\/wp-json\/wp\/v2\/product\/31579","targetHints":{"allow":["GET"]}}],"collection":[{"href":"https:\/\/www.atta45.se\/e-butik\/wp-json\/wp\/v2\/product"}],"about":[{"href":"https:\/\/www.atta45.se\/e-butik\/wp-json\/wp\/v2\/types\/product"}],"wp:featuredmedia":[{"embeddable":true,"href":"https:\/\/www.atta45.se\/e-butik\/wp-json\/wp\/v2\/media\/31580"}],"wp:attachment":[{"href":"https:\/\/www.atta45.se\/e-butik\/wp-json\/wp\/v2\/media?parent=31579"}],"wp:term":[{"taxonomy":"product_brand","embeddable":true,"href":"https:\/\/www.atta45.se\/e-butik\/wp-json\/wp\/v2\/product_brand?post=31579"},{"taxonomy":"product_cat","embeddable":true,"href":"https:\/\/www.atta45.se\/e-butik\/wp-json\/wp\/v2\/product_cat?post=31579"},{"taxonomy":"product_tag","embeddable":true,"href":"https:\/\/www.atta45.se\/e-butik\/wp-json\/wp\/v2\/product_tag?post=31579"}],"curies":[{"name":"wp","href":"https:\/\/api.w.org\/{rel}","templated":true}]}}