{"id":3157,"date":"2020-01-09T13:01:38","date_gmt":"2020-01-09T12:01:38","guid":{"rendered":"https:\/\/flipptryck.a-demo.se\/?post_type=product&#038;p=3157"},"modified":"2025-12-12T14:59:27","modified_gmt":"2025-12-12T13:59:27","slug":"hyllvippa","status":"publish","type":"product","link":"https:\/\/www.atta45.se\/e-butik\/produkt\/hyllvippa\/","title":{"rendered":"Hyllvippa"},"content":{"rendered":"","protected":false},"excerpt":{"rendered":"<p>Trycks enkelsidigt (4+0) p\u00e5 stabil vit 370g kartong med b\u00e4sta f\u00e4rg\u00e5tergivning. Motiven trycks alltid i h\u00f6gsta kvalitet och uppl\u00f6sning i v\u00e5ra moderna tryckpressar. Vipparmen i transparent plast f\u00e4sts enkelt p\u00e5 baksidan med hj\u00e4lp av dubbelh\u00e4ftande f\u00e4stkudde. L\u00e4mnar inga limrester. Vipparmen \u00e4r inte monterad p\u00e5 hyllvippan utan kommer separat.<\/p>\n<p>OBS: Vi kan endast ta emot en fil per produkt. Om ni vill ladda upp fler tryckoriginal, s\u00e5 skapa en mapp som ni l\u00e4gger filerna i. Sedan komprimerar ni mappen. Vi tar emot komprimerade format s\u00e5som: zip, rar, gz och 7z.<\/p>\n","protected":false},"featured_media":4396,"template":"","meta":{"_acf_changed":false,"_seopress_robots_primary_cat":"none","_seopress_titles_title":"En hyllvippa leder kunden r\u00e4tt i butiken | \u00c5tta.45 Tryckeri","_seopress_titles_desc":"Hyllvippor drar uppm\u00e4rksamhet till sig och guidar p\u00e5 s\u00e5 vis k\u00f6paren till en s\u00e4rskild plats l\u00e4ngst hyllorna. Vi levererar hyllvippor med vipparm i aluminium.","_seopress_robots_index":""},"product_brand":[],"product_cat":[15,110],"product_tag":[],"class_list":{"0":"post-3157","1":"product","2":"type-product","3":"status-publish","4":"has-post-thumbnail","6":"product_cat-okategoriserad","7":"product_cat-butiksmaterial","9":"first","10":"instock","11":"taxable","12":"shipping-taxable","13":"purchasable","14":"product-type-variable","15":"has-default-attributes"},"acf":[],"_links":{"self":[{"href":"https:\/\/www.atta45.se\/e-butik\/wp-json\/wp\/v2\/product\/3157","targetHints":{"allow":["GET"]}}],"collection":[{"href":"https:\/\/www.atta45.se\/e-butik\/wp-json\/wp\/v2\/product"}],"about":[{"href":"https:\/\/www.atta45.se\/e-butik\/wp-json\/wp\/v2\/types\/product"}],"wp:featuredmedia":[{"embeddable":true,"href":"https:\/\/www.atta45.se\/e-butik\/wp-json\/wp\/v2\/media\/4396"}],"wp:attachment":[{"href":"https:\/\/www.atta45.se\/e-butik\/wp-json\/wp\/v2\/media?parent=3157"}],"wp:term":[{"taxonomy":"product_brand","embeddable":true,"href":"https:\/\/www.atta45.se\/e-butik\/wp-json\/wp\/v2\/product_brand?post=3157"},{"taxonomy":"product_cat","embeddable":true,"href":"https:\/\/www.atta45.se\/e-butik\/wp-json\/wp\/v2\/product_cat?post=3157"},{"taxonomy":"product_tag","embeddable":true,"href":"https:\/\/www.atta45.se\/e-butik\/wp-json\/wp\/v2\/product_tag?post=3157"}],"curies":[{"name":"wp","href":"https:\/\/api.w.org\/{rel}","templated":true}]}}