{"id":3149,"date":"2020-01-09T12:47:28","date_gmt":"2020-01-09T11:47:28","guid":{"rendered":"https:\/\/flipptryck.a-demo.se\/?post_type=product&#038;p=3149"},"modified":"2025-12-11T22:52:25","modified_gmt":"2025-12-11T21:52:25","slug":"folder","status":"publish","type":"product","link":"https:\/\/www.atta45.se\/e-butik\/produkt\/folder\/","title":{"rendered":"Folder"},"content":{"rendered":"","protected":false},"excerpt":{"rendered":"<h1>Trycka folder<\/h1>\n<p>En tryckt folder \u00e4r ett effektivt och enkelt s\u00e4tt att kommunicera. En folder eller mapp kan ge instruktioner, visa evenemangsprogram eller fungera som en bruksanvisning.<\/p>\n<p>Om du vill ha en snygg, informativ och intressev\u00e4ckande folder till ett bra pris har du kommit r\u00e4tt. Vi har kapacitet att trycka alla sorters foldrar. Du kan v\u00e4lja upplaga, papperskvalitet och format efter behov. Sj\u00e4lvklart kan vi erbjuda variabeltryck som g\u00f6r varje folder unik, till exempel adressrad, mottagarnamn etc.<\/p>\n<p>Vill du att din folder f\u00e5r en exklusiv k\u00e4nsla och sticker ut fr\u00e5n m\u00e4ngden? Vi p\u00e5 \u00c5tta45 kan erbjuda professionella effekter som laminering, helt\u00e4ckande partiell UV-lack, stansning, foliering och relieftryck. Vattenbaserad lack ger en lyxigare k\u00e4nsla med extra h\u00e5llbarhet.<\/p>\n<h2>Kommunicera med en tryckt folder\u00a0\u2013 vi producerar snabbt, leveranss\u00e4kert och till bra pris!<\/h2>\n<p>Har du fr\u00e5gor n\u00e5r du oss snabbt via chattfunktionen l\u00e4ngst ner till h\u00f6ger p\u00e5 den h\u00e4r sidan.<br \/>\nSom du s\u00e4kert sett inneh\u00e5ller v\u00e5r e-handel en m\u00e4ngd produktsidor. Hittar du inte det du s\u00f6ker? Du kan enkelt beg\u00e4ra en offert via knappen nedan. Vi svarar snabbt och ger dig den support du beh\u00f6ver.<br \/>\n<a href=\"https:\/\/www.atta45.se\/e-butik\/offert\/\"><strong>Jag vill ha en offert<\/strong><\/a><\/p>\n<p>Vi trycker din folder kostnadseffektivt<br \/>\nDu kan lugnt best\u00e4mma den upplaga som passar dig. Ifall det handlar om en st\u00f6rre upplaga trycker vi offset f\u00f6r att du ska f\u00e5 b\u00e4sta styckpris, och mindre upplagor k\u00f6r vi digitalt i n\u00e5gon av v\u00e5ra digitaltryckpressar. Vi anv\u00e4nder den metod som \u00e4r mest kostnadseffektiv f\u00f6r dig som kund.<\/p>\n<h2>Din folder levereras snabbt och s\u00e4kert<\/h2>\n<p>V\u00e5rt tryckeri i Stockholm \u00e4r Skandinaviens modernaste och kan tillgodose alla dina \u00f6nskem\u00e5l. Tack vare v\u00e5r stora kapacitet kan du luta dig tillbaka och k\u00e4nna dig trygg. Vi har branschens b\u00e4sta leveranss\u00e4kerhet. \u00c5tta45 Tryckeri \u00e4r ett av Sveriges st\u00f6rsta tryckerier och v\u00e5r fr\u00e4msta prioritet \u00e4r att du som kund ska f\u00e5 din produkt snabbt och s\u00e4kert. Vi vill att du ska k\u00e4nna dig omh\u00e4ndertagen och f\u00e5 den hj\u00e4lp du beh\u00f6ver.<\/p>\n<h2>En folder med h\u00f6gsta kvalitet<\/h2>\n<p>Att leverera h\u00f6gsta kvalitet \u00e4r en sj\u00e4lvklarhet f\u00f6r oss. Vi jobbar st\u00e4ndigt med att kvalitetss\u00e4kra hela v\u00e5r tillverkningsprocess. \u00c5tta45 \u00e4r certifierade enligt CGP (grafiska branschens kvalitetscertifiering) s\u00e5 du kan k\u00e4nna dig trygg med att din folder eller mapp kommer h\u00e5lla h\u00f6gsta kvalitet och ha en perfekt f\u00e4rg\u00e5tergivning.<br \/>\nHela v\u00e5r verksamhet genomsyras av ledord som omh\u00e4ndertagande, noggrannhet och kvalitet.<\/p>\n<h2>Vi klimatkompenserar din folder<\/h2>\n<p>Allt som kommer ut ur v\u00e5ra tryckpressar och som du best\u00e4ller h\u00e4r i e-butiken \u00e4r klimatkompenserat och har h\u00f6g \u00e5tervinningsgrad.<br \/>\nVill du m\u00e4rka din folder s\u00e5 att dina kunder ser att den \u00e4r milj\u00f6v\u00e4nlig? Inga problem! Som det f\u00f6rsta tryckeriet i Sverige som fick licens f\u00f6r Svanen har vi ett starkt milj\u00f6engagemang. Vi har ocks\u00e5 ett samarbete med South Pole, en av v\u00e4rldens ledande utvecklare av klimatprojekt.<\/p>\n<p>Vi kan m\u00e4rka din folder med Svanen-logotypen och vi kan \u00e4ven se till att foldern f\u00f6rses med en ClimateCalc-logotype med QR-kod som visar att produkten \u00e4r klimatkompenserad.<\/p>\n","protected":false},"featured_media":11607,"template":"","meta":{"_acf_changed":false,"_seopress_robots_primary_cat":"none","_seopress_titles_title":"Tryck folder till b\u00e4sta pris | \u00c5tta45 Print & Media","_seopress_titles_desc":"Tryck milj\u00f6v\u00e4nliga foldrar hos oss \u2013 vi \u00e4r f\u00f6rst i Sverige att bli certifierade av Svanen. En tryckt folder \u00e4r ett perfekt reklammaterial.","_seopress_robots_index":""},"product_brand":[],"product_cat":[15,98],"product_tag":[],"class_list":{"0":"post-3149","1":"product","2":"type-product","3":"status-publish","4":"has-post-thumbnail","6":"product_cat-okategoriserad","7":"product_cat-trycksaker","9":"first","10":"instock","11":"taxable","12":"shipping-taxable","13":"purchasable","14":"product-type-variable","15":"has-default-attributes"},"acf":[],"_links":{"self":[{"href":"https:\/\/www.atta45.se\/e-butik\/wp-json\/wp\/v2\/product\/3149","targetHints":{"allow":["GET"]}}],"collection":[{"href":"https:\/\/www.atta45.se\/e-butik\/wp-json\/wp\/v2\/product"}],"about":[{"href":"https:\/\/www.atta45.se\/e-butik\/wp-json\/wp\/v2\/types\/product"}],"wp:featuredmedia":[{"embeddable":true,"href":"https:\/\/www.atta45.se\/e-butik\/wp-json\/wp\/v2\/media\/11607"}],"wp:attachment":[{"href":"https:\/\/www.atta45.se\/e-butik\/wp-json\/wp\/v2\/media?parent=3149"}],"wp:term":[{"taxonomy":"product_brand","embeddable":true,"href":"https:\/\/www.atta45.se\/e-butik\/wp-json\/wp\/v2\/product_brand?post=3149"},{"taxonomy":"product_cat","embeddable":true,"href":"https:\/\/www.atta45.se\/e-butik\/wp-json\/wp\/v2\/product_cat?post=3149"},{"taxonomy":"product_tag","embeddable":true,"href":"https:\/\/www.atta45.se\/e-butik\/wp-json\/wp\/v2\/product_tag?post=3149"}],"curies":[{"name":"wp","href":"https:\/\/api.w.org\/{rel}","templated":true}]}}