{"id":3147,"date":"2020-01-09T11:40:20","date_gmt":"2020-01-09T10:40:20","guid":{"rendered":"https:\/\/flipptryck.a-demo.se\/?post_type=product&#038;p=3147"},"modified":"2025-12-12T14:59:09","modified_gmt":"2025-12-12T13:59:09","slug":"elipz","status":"publish","type":"product","link":"https:\/\/www.atta45.se\/e-butik\/produkt\/elipz\/","title":{"rendered":"Elipz"},"content":{"rendered":"","protected":false},"excerpt":{"rendered":"<p>Detta \u00e4r en popup-display som effektivt kommunicerar \u00e5t m\u00e5nga h\u00e5ll. Enklare \u00e4n s\u00e5 h\u00e4r blir det inte att placera ut en skyltning. Ingen fot eller st\u00e4llning beh\u00f6vs. Tre enkla steg \u00e4r allt som beh\u00f6vs och sedan \u00e4r den p\u00e5 plats. Vi tillverkar den patenterade displayl\u00f6sningen elipZ\u00ae som helt \u00e4r tillverkad i kartong och well, alltid 100 % \u00e5tervinningsbart. Det betyder att din elipZ \u00e4r lika enkel att k\u00e4llsortera som att montera upp.<\/p>\n<p>Formatet p\u00e5 Elipzen \u00e4r 535 mm bred och 1505 mm p\u00e5 h\u00f6jden. Elipzen har tv\u00e5 sidor. Antingen har ni samma motiv p\u00e5 b\u00e5da sidorna eller s\u00e5 kan ni ha olika utseende p\u00e5 dessa. D\u00e5 l\u00e4mnar ni en tryckPDF med tv\u00e5 sidor med olika utseende i formatet 535&#215;1505 mm. Att det st\u00e5r &#8221;Enkelsidig tryck&#8221; i valet betyder att vi endast trycker p\u00e5 ena sidan av kartongen och sedan viker den s\u00e5 att det blir motiv p\u00e5 b\u00e5da sidorna av Ellipzen.<\/p>\n<p>OBS: Vi kan endast ta emot en fil per produkt. Om ni vill ladda upp fler tryckoriginal, s\u00e5 skapa en mapp som ni l\u00e4gger filerna i. Sedan komprimerar ni mappen. Vi tar emot komprimerade format s\u00e5som: zip, rar, gz och 7z.<\/p>\n<p>&nbsp;<\/p>\n","protected":false},"featured_media":4393,"template":"","meta":{"_acf_changed":false,"_seopress_robots_primary_cat":"none","_seopress_titles_title":"Elipz - skyltning som st\u00e5r i en egen klass | \u00c5tta.45 Tryckeri","_seopress_titles_desc":"Elipz \u00e4r en skyltning som \u00e4r mycket enkel att hantera. En elipZ\u00ae ger dig stora m\u00f6jligheter till tydlig kommunikation till ett bra pris.","_seopress_robots_index":""},"product_brand":[],"product_cat":[15,110],"product_tag":[],"class_list":{"0":"post-3147","1":"product","2":"type-product","3":"status-publish","4":"has-post-thumbnail","6":"product_cat-okategoriserad","7":"product_cat-butiksmaterial","9":"first","10":"instock","11":"taxable","12":"shipping-taxable","13":"purchasable","14":"product-type-variable","15":"has-default-attributes"},"acf":[],"_links":{"self":[{"href":"https:\/\/www.atta45.se\/e-butik\/wp-json\/wp\/v2\/product\/3147","targetHints":{"allow":["GET"]}}],"collection":[{"href":"https:\/\/www.atta45.se\/e-butik\/wp-json\/wp\/v2\/product"}],"about":[{"href":"https:\/\/www.atta45.se\/e-butik\/wp-json\/wp\/v2\/types\/product"}],"wp:featuredmedia":[{"embeddable":true,"href":"https:\/\/www.atta45.se\/e-butik\/wp-json\/wp\/v2\/media\/4393"}],"wp:attachment":[{"href":"https:\/\/www.atta45.se\/e-butik\/wp-json\/wp\/v2\/media?parent=3147"}],"wp:term":[{"taxonomy":"product_brand","embeddable":true,"href":"https:\/\/www.atta45.se\/e-butik\/wp-json\/wp\/v2\/product_brand?post=3147"},{"taxonomy":"product_cat","embeddable":true,"href":"https:\/\/www.atta45.se\/e-butik\/wp-json\/wp\/v2\/product_cat?post=3147"},{"taxonomy":"product_tag","embeddable":true,"href":"https:\/\/www.atta45.se\/e-butik\/wp-json\/wp\/v2\/product_tag?post=3147"}],"curies":[{"name":"wp","href":"https:\/\/api.w.org\/{rel}","templated":true}]}}