{"id":31263,"date":"2024-12-26T17:08:00","date_gmt":"2024-12-26T16:08:00","guid":{"rendered":"https:\/\/www.atta45.se\/e-butik\/?post_type=product&#038;p=31263"},"modified":"2025-10-28T04:20:08","modified_gmt":"2025-10-28T03:20:08","slug":"screentryckt-flagga-100-x-300-cm","status":"publish","type":"product","link":"https:\/\/www.atta45.se\/e-butik\/produkt\/screentryckt-flagga-100-x-300-cm\/","title":{"rendered":"Flagga screentryckt (100 x 300 cm)"},"content":{"rendered":"<p>Screentryckt flagga i 170 g mjukv\u00e4vd polyester som r\u00f6r sig fint i vinden. God h\u00e5llbarhet. Levereras med karbinhakar och f\u00f6rst\u00e4rkta ytterh\u00f6rnor. 3 s\u00f6mmar runt flaggan. Vi producerar flaggorna i \u00f6nskad storlek och design. Levereras 1 st i polybag.<\/p>\n<p>Generella rekommendationer f\u00f6r att ha hela och fr\u00e4scha flaggor \u00e4r att planera f\u00f6r 3-4 flaggor per flaggst\u00e5ng och \u00e5r.<\/p>\n","protected":false},"excerpt":{"rendered":"<p>Screentryckt flagga i 170 g mjukv\u00e4vd polyester som r\u00f6r sig fint i vinden. God h\u00e5llbarhet. Levereras med karbinhakar och f\u00f6rst\u00e4rkta ytterh\u00f6rnor. 3 s\u00f6mmar runt flaggan. Vi producerar flaggorna i \u00f6nskad storlek och design. Levereras 1 st i polybag. Generella rekommendationer f\u00f6r att ha hela och fr\u00e4scha flaggor \u00e4r att planera f\u00f6r 3-4 flaggor per flaggst\u00e5ng [&hellip;]<\/p>\n","protected":false},"featured_media":31264,"template":"","meta":{"_acf_changed":false,"_seopress_robots_primary_cat":"","_seopress_titles_title":"","_seopress_titles_desc":"","_seopress_robots_index":""},"product_brand":[],"product_cat":[15],"product_tag":[],"class_list":{"0":"post-31263","1":"product","2":"type-product","3":"status-publish","4":"has-post-thumbnail","6":"product_cat-okategoriserad","7":"atta45_taxonomy-expo-event-flaggor-sv","8":"atta45_taxonomy-trading-expo-event-flaggor-sv","9":"atta45_taxonomy-expo-event-utomhusflaggor-sv","11":"first","12":"instock","13":"taxable","14":"shipping-taxable","15":"purchasable","16":"product-type-variable"},"acf":[],"_links":{"self":[{"href":"https:\/\/www.atta45.se\/e-butik\/wp-json\/wp\/v2\/product\/31263","targetHints":{"allow":["GET"]}}],"collection":[{"href":"https:\/\/www.atta45.se\/e-butik\/wp-json\/wp\/v2\/product"}],"about":[{"href":"https:\/\/www.atta45.se\/e-butik\/wp-json\/wp\/v2\/types\/product"}],"wp:featuredmedia":[{"embeddable":true,"href":"https:\/\/www.atta45.se\/e-butik\/wp-json\/wp\/v2\/media\/31264"}],"wp:attachment":[{"href":"https:\/\/www.atta45.se\/e-butik\/wp-json\/wp\/v2\/media?parent=31263"}],"wp:term":[{"taxonomy":"product_brand","embeddable":true,"href":"https:\/\/www.atta45.se\/e-butik\/wp-json\/wp\/v2\/product_brand?post=31263"},{"taxonomy":"product_cat","embeddable":true,"href":"https:\/\/www.atta45.se\/e-butik\/wp-json\/wp\/v2\/product_cat?post=31263"},{"taxonomy":"product_tag","embeddable":true,"href":"https:\/\/www.atta45.se\/e-butik\/wp-json\/wp\/v2\/product_tag?post=31263"}],"curies":[{"name":"wp","href":"https:\/\/api.w.org\/{rel}","templated":true}]}}