{"id":306682,"date":"2025-04-17T05:36:13","date_gmt":"2025-04-17T03:36:13","guid":{"rendered":"https:\/\/www.atta45.se\/e-butik\/produkt\/tommy-art-solid-shield\/"},"modified":"2025-10-27T17:45:49","modified_gmt":"2025-10-27T16:45:49","slug":"tommy-art-solid-shield","status":"publish","type":"product","link":"https:\/\/www.atta45.se\/e-butik\/produkt\/tommy-art-solid-shield\/","title":{"rendered":"Mugg Tommy Art (Solid Shield)"},"content":{"rendered":"<p>Tommy ART-muggen \u00e4r en keramisk mugg med en karakteristisk, originalform p\u00e5 \u00f6rat, en f\u00e4rgglad insida och en vit struktur p\u00e5 utsidan f\u00f6r ART PRINT-teknik.<\/p>\n","protected":false},"excerpt":{"rendered":"<p>Tommy ART-muggen \u00e4r en keramisk mugg med en karakteristisk, originalform p\u00e5 \u00f6rat, en f\u00e4rgglad insida och en vit struktur p\u00e5 utsidan f\u00f6r ART PRINT-teknik.<\/p>\n","protected":false},"featured_media":306683,"template":"","meta":{"_acf_changed":false,"_seopress_robots_primary_cat":"","_seopress_titles_title":"","_seopress_titles_desc":"","_seopress_robots_index":""},"product_brand":[],"product_cat":[15],"product_tag":[],"class_list":{"0":"post-306682","1":"product","2":"type-product","3":"status-publish","4":"has-post-thumbnail","6":"product_cat-okategoriserad","7":"atta45_taxonomy-muggar-art-print-muggar-sv","8":"atta45_taxonomy-tema-inspiration-varumarken-cupline-sv","9":"atta45_taxonomy-hem-hushall-muggar-sv","10":"atta45_taxonomy-nyheter-sv","12":"first","13":"instock","14":"taxable","15":"shipping-taxable","16":"purchasable","17":"product-type-variable"},"acf":[],"_links":{"self":[{"href":"https:\/\/www.atta45.se\/e-butik\/wp-json\/wp\/v2\/product\/306682","targetHints":{"allow":["GET"]}}],"collection":[{"href":"https:\/\/www.atta45.se\/e-butik\/wp-json\/wp\/v2\/product"}],"about":[{"href":"https:\/\/www.atta45.se\/e-butik\/wp-json\/wp\/v2\/types\/product"}],"wp:featuredmedia":[{"embeddable":true,"href":"https:\/\/www.atta45.se\/e-butik\/wp-json\/wp\/v2\/media\/306683"}],"wp:attachment":[{"href":"https:\/\/www.atta45.se\/e-butik\/wp-json\/wp\/v2\/media?parent=306682"}],"wp:term":[{"taxonomy":"product_brand","embeddable":true,"href":"https:\/\/www.atta45.se\/e-butik\/wp-json\/wp\/v2\/product_brand?post=306682"},{"taxonomy":"product_cat","embeddable":true,"href":"https:\/\/www.atta45.se\/e-butik\/wp-json\/wp\/v2\/product_cat?post=306682"},{"taxonomy":"product_tag","embeddable":true,"href":"https:\/\/www.atta45.se\/e-butik\/wp-json\/wp\/v2\/product_tag?post=306682"}],"curies":[{"name":"wp","href":"https:\/\/api.w.org\/{rel}","templated":true}]}}