{"id":306668,"date":"2025-04-17T05:35:13","date_gmt":"2025-04-17T03:35:13","guid":{"rendered":"https:\/\/www.atta45.se\/e-butik\/produkt\/tomek-art-solid-shield\/"},"modified":"2025-10-27T17:45:33","modified_gmt":"2025-10-27T16:45:33","slug":"tomek-art-solid-shield","status":"publish","type":"product","link":"https:\/\/www.atta45.se\/e-butik\/produkt\/tomek-art-solid-shield\/","title":{"rendered":"Mugg Tomek Art (Solid shield)"},"content":{"rendered":"<p>En reklammugg i popul\u00e4r, cylindrisk form. Modellen \u00e4r till\u00e4gnad applicering av h\u00f6gkvalitativa tryck, med hj\u00e4lp av Art Print-teknik.<\/p>\n","protected":false},"excerpt":{"rendered":"<p>En reklammugg i popul\u00e4r, cylindrisk form. Modellen \u00e4r till\u00e4gnad applicering av h\u00f6gkvalitativa tryck, med hj\u00e4lp av Art Print-teknik.<\/p>\n","protected":false},"featured_media":0,"template":"","meta":{"_acf_changed":false,"_seopress_robots_primary_cat":"","_seopress_titles_title":"","_seopress_titles_desc":"","_seopress_robots_index":""},"product_brand":[],"product_cat":[15],"product_tag":[],"class_list":{"0":"post-306668","1":"product","2":"type-product","3":"status-publish","5":"product_cat-okategoriserad","6":"atta45_taxonomy-muggar-art-print-muggar-sv","7":"atta45_taxonomy-tema-inspiration-varumarken-cupline-sv","8":"atta45_taxonomy-hem-hushall-muggar-sv","9":"atta45_taxonomy-nyheter-sv","11":"first","12":"instock","13":"taxable","14":"shipping-taxable","15":"purchasable","16":"product-type-variable"},"acf":[],"_links":{"self":[{"href":"https:\/\/www.atta45.se\/e-butik\/wp-json\/wp\/v2\/product\/306668","targetHints":{"allow":["GET"]}}],"collection":[{"href":"https:\/\/www.atta45.se\/e-butik\/wp-json\/wp\/v2\/product"}],"about":[{"href":"https:\/\/www.atta45.se\/e-butik\/wp-json\/wp\/v2\/types\/product"}],"wp:attachment":[{"href":"https:\/\/www.atta45.se\/e-butik\/wp-json\/wp\/v2\/media?parent=306668"}],"wp:term":[{"taxonomy":"product_brand","embeddable":true,"href":"https:\/\/www.atta45.se\/e-butik\/wp-json\/wp\/v2\/product_brand?post=306668"},{"taxonomy":"product_cat","embeddable":true,"href":"https:\/\/www.atta45.se\/e-butik\/wp-json\/wp\/v2\/product_cat?post=306668"},{"taxonomy":"product_tag","embeddable":true,"href":"https:\/\/www.atta45.se\/e-butik\/wp-json\/wp\/v2\/product_tag?post=306668"}],"curies":[{"name":"wp","href":"https:\/\/api.w.org\/{rel}","templated":true}]}}