{"id":306637,"date":"2025-04-17T05:29:13","date_gmt":"2025-04-17T03:29:13","guid":{"rendered":"https:\/\/www.atta45.se\/e-butik\/produkt\/apollo-termoflaska-i-rostfritt-stal-540-ml\/"},"modified":"2025-10-27T17:43:46","modified_gmt":"2025-10-27T16:43:46","slug":"apollo-termoflaska-i-rostfritt-stal-540-ml","status":"publish","type":"product","link":"https:\/\/www.atta45.se\/e-butik\/produkt\/apollo-termoflaska-i-rostfritt-stal-540-ml\/","title":{"rendered":"Termoflaska, Vattenflaska Apollo  i rostfritt st\u00e5l (540 ml)"},"content":{"rendered":"<p>En funktionell och snygg termoflaska som h\u00e5ller din dryck vid r\u00e4tt temperatur i timmar. Tillverkad av h\u00f6gkvalitativa material, den \u00e4r perfekt f\u00f6r dagligt bruk, s\u00e5v\u00e4l som f\u00f6r resor, arbete eller gym. Med sin t\u00e4ta f\u00f6rsegling \u00e4r den praktisk och l\u00e4tt att b\u00e4ra. Det sticker ut f\u00f6r sin stora varum\u00e4rkespotential. Finns i svart och silver varianter. Apollo-flaskan s\u00e4ljs med dedikerad f\u00f6rpackning.<\/p>\n<p>Galaxy<\/p>\n","protected":false},"excerpt":{"rendered":"<p>En funktionell och snygg termoflaska som h\u00e5ller din dryck vid r\u00e4tt temperatur i timmar. Tillverkad av h\u00f6gkvalitativa material, den \u00e4r perfekt f\u00f6r dagligt bruk, s\u00e5v\u00e4l som f\u00f6r resor, arbete eller gym. Med sin t\u00e4ta f\u00f6rsegling \u00e4r den praktisk och l\u00e4tt att b\u00e4ra. Det sticker ut f\u00f6r sin stora varum\u00e4rkespotential. Finns i svart och silver varianter. [&hellip;]<\/p>\n","protected":false},"featured_media":0,"template":"","meta":{"_acf_changed":false,"_seopress_robots_primary_cat":"","_seopress_titles_title":"","_seopress_titles_desc":"","_seopress_robots_index":""},"product_brand":[],"product_cat":[15],"product_tag":[],"class_list":{"0":"post-306637","1":"product","2":"type-product","3":"status-publish","5":"product_cat-okategoriserad","6":"atta45_taxonomy-nyheter-sv","7":"atta45_taxonomy-fritid-termos-sv","8":"atta45_taxonomy-fritid-vattenflaskor-sv","10":"first","11":"instock","12":"taxable","13":"shipping-taxable","14":"purchasable","15":"product-type-variable"},"acf":[],"_links":{"self":[{"href":"https:\/\/www.atta45.se\/e-butik\/wp-json\/wp\/v2\/product\/306637","targetHints":{"allow":["GET"]}}],"collection":[{"href":"https:\/\/www.atta45.se\/e-butik\/wp-json\/wp\/v2\/product"}],"about":[{"href":"https:\/\/www.atta45.se\/e-butik\/wp-json\/wp\/v2\/types\/product"}],"wp:attachment":[{"href":"https:\/\/www.atta45.se\/e-butik\/wp-json\/wp\/v2\/media?parent=306637"}],"wp:term":[{"taxonomy":"product_brand","embeddable":true,"href":"https:\/\/www.atta45.se\/e-butik\/wp-json\/wp\/v2\/product_brand?post=306637"},{"taxonomy":"product_cat","embeddable":true,"href":"https:\/\/www.atta45.se\/e-butik\/wp-json\/wp\/v2\/product_cat?post=306637"},{"taxonomy":"product_tag","embeddable":true,"href":"https:\/\/www.atta45.se\/e-butik\/wp-json\/wp\/v2\/product_tag?post=306637"}],"curies":[{"name":"wp","href":"https:\/\/api.w.org\/{rel}","templated":true}]}}