{"id":306279,"date":"2025-04-17T02:38:13","date_gmt":"2025-04-17T00:38:13","guid":{"rendered":"https:\/\/www.atta45.se\/e-butik\/produkt\/kulspetspenna-i-atervunnen-abs-zephyra\/"},"modified":"2025-10-27T21:22:53","modified_gmt":"2025-10-27T20:22:53","slug":"kulspetspenna-i-atervunnen-abs-zephyra","status":"publish","type":"product","link":"https:\/\/www.atta45.se\/e-butik\/produkt\/kulspetspenna-i-atervunnen-abs-zephyra\/","title":{"rendered":"Kulspetspenna i \u00e5tervunnen ABS Zephyra"},"content":{"rendered":"<p>Kulspetspenna i \u00e5tervunnen ABS, designad i form av en resemugg, med en metallisk finish. Har en bl\u00e5 refill med en skrivl\u00e4ngd p\u00e5 800 meter, en tryckmekanism, en plastp\u00e5skjutare, en kl\u00e4mma och en kromad plastring upptill. Inkluderar en i formen \u00e5tervunnen ABS-logotyp.<\/p>\n","protected":false},"excerpt":{"rendered":"<p>Kulspetspenna i \u00e5tervunnen ABS, designad i form av en resemugg, med en metallisk finish. Har en bl\u00e5 refill med en skrivl\u00e4ngd p\u00e5 800 meter, en tryckmekanism, en plastp\u00e5skjutare, en kl\u00e4mma och en kromad plastring upptill. Inkluderar en i formen \u00e5tervunnen ABS-logotyp.<\/p>\n","protected":false},"featured_media":306280,"template":"","meta":{"_acf_changed":false,"_seopress_robots_primary_cat":"","_seopress_titles_title":"","_seopress_titles_desc":"","_seopress_robots_index":""},"product_brand":[],"product_cat":[15],"product_tag":[],"class_list":{"0":"post-306279","1":"product","2":"type-product","3":"status-publish","4":"has-post-thumbnail","6":"product_cat-okategoriserad","7":"atta45_taxonomy-elektronik-kontor-pennor-sv","8":"atta45_taxonomy-pennor-sv","9":"atta45_taxonomy-pennor-pennor-sv","11":"first","12":"instock","13":"taxable","14":"shipping-taxable","15":"purchasable","16":"product-type-variable"},"acf":[],"_links":{"self":[{"href":"https:\/\/www.atta45.se\/e-butik\/wp-json\/wp\/v2\/product\/306279","targetHints":{"allow":["GET"]}}],"collection":[{"href":"https:\/\/www.atta45.se\/e-butik\/wp-json\/wp\/v2\/product"}],"about":[{"href":"https:\/\/www.atta45.se\/e-butik\/wp-json\/wp\/v2\/types\/product"}],"wp:featuredmedia":[{"embeddable":true,"href":"https:\/\/www.atta45.se\/e-butik\/wp-json\/wp\/v2\/media\/306280"}],"wp:attachment":[{"href":"https:\/\/www.atta45.se\/e-butik\/wp-json\/wp\/v2\/media?parent=306279"}],"wp:term":[{"taxonomy":"product_brand","embeddable":true,"href":"https:\/\/www.atta45.se\/e-butik\/wp-json\/wp\/v2\/product_brand?post=306279"},{"taxonomy":"product_cat","embeddable":true,"href":"https:\/\/www.atta45.se\/e-butik\/wp-json\/wp\/v2\/product_cat?post=306279"},{"taxonomy":"product_tag","embeddable":true,"href":"https:\/\/www.atta45.se\/e-butik\/wp-json\/wp\/v2\/product_tag?post=306279"}],"curies":[{"name":"wp","href":"https:\/\/api.w.org\/{rel}","templated":true}]}}