{"id":306213,"date":"2025-04-17T02:33:13","date_gmt":"2025-04-17T00:33:13","guid":{"rendered":"https:\/\/www.atta45.se\/e-butik\/produkt\/flaska-i-atervunnet-rostfritt-stal-600-ml-cassian\/"},"modified":"2025-10-27T21:21:41","modified_gmt":"2025-10-27T20:21:41","slug":"flaska-i-atervunnet-rostfritt-stal-600-ml-cassian","status":"publish","type":"product","link":"https:\/\/www.atta45.se\/e-butik\/produkt\/flaska-i-atervunnet-rostfritt-stal-600-ml-cassian\/","title":{"rendered":"Flaska i \u00e5tervunnet rostfritt st\u00e5l (600 ml) Cassian"},"content":{"rendered":"<p>Flaska i \u00e5tervunnet rostfritt st\u00e5l (600 ml). Interi\u00f6ren \u00e4r gjord av rostfritt st\u00e5l 304, och exteri\u00f6ren \u00e4r rostfritt st\u00e5l 201. Har ett l\u00e4ckages\u00e4kert svart PP-lock med en aluminiumkarbinkrok och b\u00e4r\u00f6gla. Karbinkrok \u00e4r inte l\u00e4mplig f\u00f6r kl\u00e4ttring. H\u00e5ller drycker varma i 6 timmar eller kalla i 9 timmar. Inkluderar en graverad \u00e5tervunnen logotyp p\u00e5 framsidan. Individuellt f\u00f6rpackad i brun kartong.<\/p>\n","protected":false},"excerpt":{"rendered":"<p>Flaska i \u00e5tervunnet rostfritt st\u00e5l (600 ml). Interi\u00f6ren \u00e4r gjord av rostfritt st\u00e5l 304, och exteri\u00f6ren \u00e4r rostfritt st\u00e5l 201. Har ett l\u00e4ckages\u00e4kert svart PP-lock med en aluminiumkarbinkrok och b\u00e4r\u00f6gla. Karbinkrok \u00e4r inte l\u00e4mplig f\u00f6r kl\u00e4ttring. H\u00e5ller drycker varma i 6 timmar eller kalla i 9 timmar. Inkluderar en graverad \u00e5tervunnen logotyp p\u00e5 framsidan. Individuellt [&hellip;]<\/p>\n","protected":false},"featured_media":306214,"template":"","meta":{"_acf_changed":false,"_seopress_robots_primary_cat":"","_seopress_titles_title":"","_seopress_titles_desc":"","_seopress_robots_index":""},"product_brand":[],"product_cat":[15],"product_tag":[],"class_list":{"0":"post-306213","1":"product","2":"type-product","3":"status-publish","4":"has-post-thumbnail","6":"product_cat-okategoriserad","7":"atta45_taxonomy-flaskor-sv","8":"atta45_taxonomy-fritid-vattenflaskor-sv","10":"first","11":"instock","12":"taxable","13":"shipping-taxable","14":"purchasable","15":"product-type-variable"},"acf":[],"_links":{"self":[{"href":"https:\/\/www.atta45.se\/e-butik\/wp-json\/wp\/v2\/product\/306213","targetHints":{"allow":["GET"]}}],"collection":[{"href":"https:\/\/www.atta45.se\/e-butik\/wp-json\/wp\/v2\/product"}],"about":[{"href":"https:\/\/www.atta45.se\/e-butik\/wp-json\/wp\/v2\/types\/product"}],"wp:featuredmedia":[{"embeddable":true,"href":"https:\/\/www.atta45.se\/e-butik\/wp-json\/wp\/v2\/media\/306214"}],"wp:attachment":[{"href":"https:\/\/www.atta45.se\/e-butik\/wp-json\/wp\/v2\/media?parent=306213"}],"wp:term":[{"taxonomy":"product_brand","embeddable":true,"href":"https:\/\/www.atta45.se\/e-butik\/wp-json\/wp\/v2\/product_brand?post=306213"},{"taxonomy":"product_cat","embeddable":true,"href":"https:\/\/www.atta45.se\/e-butik\/wp-json\/wp\/v2\/product_cat?post=306213"},{"taxonomy":"product_tag","embeddable":true,"href":"https:\/\/www.atta45.se\/e-butik\/wp-json\/wp\/v2\/product_tag?post=306213"}],"curies":[{"name":"wp","href":"https:\/\/api.w.org\/{rel}","templated":true}]}}