{"id":306152,"date":"2025-04-17T02:28:14","date_gmt":"2025-04-17T00:28:14","guid":{"rendered":"https:\/\/www.atta45.se\/e-butik\/produkt\/kabinvaska-trolley-i-abs-alaric\/"},"modified":"2025-10-27T21:21:14","modified_gmt":"2025-10-27T20:21:14","slug":"kabinvaska-trolley-i-abs-alaric","status":"publish","type":"product","link":"https:\/\/www.atta45.se\/e-butik\/produkt\/kabinvaska-trolley-i-abs-alaric\/","title":{"rendered":"Kabinv\u00e4ska\/trolley i ABS Alaric"},"content":{"rendered":"<p>ABS kabinv\u00e4ska 20-tum med en design med h\u00e5rt skal, 8 l\u00e4nkhjul (4&#215;2) och ett metallhandtagssystem i tre niv\u00e5er. Den inneh\u00e5ller ett \u00f6vre plasthandtag, ett kombinationsl\u00e5s (icke-TSA) och en lasergraveringsplatta med 3M-tejp. Interi\u00f6ren, fodrad med 210D-material, har tre fack: en ficka med dragkedja i U-stil, en n\u00e4tficka och v\u00e4v i X-stil med sp\u00e4nne. Kapacitet: 30L. Individuellt f\u00f6rpackad i brun kartong.<\/p>\n","protected":false},"excerpt":{"rendered":"<p>ABS kabinv\u00e4ska 20-tum med en design med h\u00e5rt skal, 8 l\u00e4nkhjul (4&#215;2) och ett metallhandtagssystem i tre niv\u00e5er. Den inneh\u00e5ller ett \u00f6vre plasthandtag, ett kombinationsl\u00e5s (icke-TSA) och en lasergraveringsplatta med 3M-tejp. Interi\u00f6ren, fodrad med 210D-material, har tre fack: en ficka med dragkedja i U-stil, en n\u00e4tficka och v\u00e4v i X-stil med sp\u00e4nne. Kapacitet: 30L. Individuellt [&hellip;]<\/p>\n","protected":false},"featured_media":306153,"template":"","meta":{"_acf_changed":false,"_seopress_robots_primary_cat":"","_seopress_titles_title":"","_seopress_titles_desc":"","_seopress_robots_index":""},"product_brand":[],"product_cat":[15],"product_tag":[],"class_list":{"0":"post-306152","1":"product","2":"type-product","3":"status-publish","4":"has-post-thumbnail","6":"product_cat-okategoriserad","7":"atta45_taxonomy-vaskor-resetillbehor-trolleys-sv","8":"atta45_taxonomy-vaskor-resetillbehor-sv","10":"first","11":"instock","12":"taxable","13":"shipping-taxable","14":"purchasable","15":"product-type-variable"},"acf":[],"_links":{"self":[{"href":"https:\/\/www.atta45.se\/e-butik\/wp-json\/wp\/v2\/product\/306152","targetHints":{"allow":["GET"]}}],"collection":[{"href":"https:\/\/www.atta45.se\/e-butik\/wp-json\/wp\/v2\/product"}],"about":[{"href":"https:\/\/www.atta45.se\/e-butik\/wp-json\/wp\/v2\/types\/product"}],"wp:featuredmedia":[{"embeddable":true,"href":"https:\/\/www.atta45.se\/e-butik\/wp-json\/wp\/v2\/media\/306153"}],"wp:attachment":[{"href":"https:\/\/www.atta45.se\/e-butik\/wp-json\/wp\/v2\/media?parent=306152"}],"wp:term":[{"taxonomy":"product_brand","embeddable":true,"href":"https:\/\/www.atta45.se\/e-butik\/wp-json\/wp\/v2\/product_brand?post=306152"},{"taxonomy":"product_cat","embeddable":true,"href":"https:\/\/www.atta45.se\/e-butik\/wp-json\/wp\/v2\/product_cat?post=306152"},{"taxonomy":"product_tag","embeddable":true,"href":"https:\/\/www.atta45.se\/e-butik\/wp-json\/wp\/v2\/product_tag?post=306152"}],"curies":[{"name":"wp","href":"https:\/\/api.w.org\/{rel}","templated":true}]}}