{"id":305842,"date":"2025-04-17T01:56:13","date_gmt":"2025-04-16T23:56:13","guid":{"rendered":"https:\/\/www.atta45.se\/e-butik\/produkt\/dricksflaska-med-dubbla-vaggar-i-rostfritt-stal-800-ml-katie\/"},"modified":"2025-10-27T21:17:00","modified_gmt":"2025-10-27T20:17:00","slug":"dricksflaska-med-dubbla-vaggar-i-rostfritt-stal-800-ml-katie","status":"publish","type":"product","link":"https:\/\/www.atta45.se\/e-butik\/produkt\/dricksflaska-med-dubbla-vaggar-i-rostfritt-stal-800-ml-katie\/","title":{"rendered":"Dricksflaska med dubbla v\u00e4ggar i rostfritt st\u00e5l 800 ml Katie"},"content":{"rendered":"<p>Dubbelv\u00e4ggig dricksflaska i rostfritt st\u00e5l (800 ml) med silikongrepp p\u00e5 kroppen, sugr\u00f6ret, PP-locket och b\u00e4rhandtaget. Tillverkad av 304 rostfritt st\u00e5l. Tryck p\u00e5 knappen f\u00f6r att \u00f6ppna eller st\u00e4nga pipen. H\u00e5ller inneh\u00e5llet varmt i 8 timmar och kallt i 12 timmar. Individuellt f\u00f6rpackad i en brun kartong.<\/p>\n","protected":false},"excerpt":{"rendered":"<p>Dubbelv\u00e4ggig dricksflaska i rostfritt st\u00e5l (800 ml) med silikongrepp p\u00e5 kroppen, sugr\u00f6ret, PP-locket och b\u00e4rhandtaget. Tillverkad av 304 rostfritt st\u00e5l. Tryck p\u00e5 knappen f\u00f6r att \u00f6ppna eller st\u00e4nga pipen. H\u00e5ller inneh\u00e5llet varmt i 8 timmar och kallt i 12 timmar. Individuellt f\u00f6rpackad i en brun kartong.<\/p>\n","protected":false},"featured_media":305843,"template":"","meta":{"_acf_changed":false,"_seopress_robots_primary_cat":"","_seopress_titles_title":"","_seopress_titles_desc":"","_seopress_robots_index":""},"product_brand":[],"product_cat":[15],"product_tag":[],"class_list":{"0":"post-305842","1":"product","2":"type-product","3":"status-publish","4":"has-post-thumbnail","6":"product_cat-okategoriserad","7":"atta45_taxonomy-flaskor-sv","8":"atta45_taxonomy-fritid-vattenflaskor-sv","10":"first","11":"instock","12":"taxable","13":"shipping-taxable","14":"purchasable","15":"product-type-variable"},"acf":[],"_links":{"self":[{"href":"https:\/\/www.atta45.se\/e-butik\/wp-json\/wp\/v2\/product\/305842","targetHints":{"allow":["GET"]}}],"collection":[{"href":"https:\/\/www.atta45.se\/e-butik\/wp-json\/wp\/v2\/product"}],"about":[{"href":"https:\/\/www.atta45.se\/e-butik\/wp-json\/wp\/v2\/types\/product"}],"wp:featuredmedia":[{"embeddable":true,"href":"https:\/\/www.atta45.se\/e-butik\/wp-json\/wp\/v2\/media\/305843"}],"wp:attachment":[{"href":"https:\/\/www.atta45.se\/e-butik\/wp-json\/wp\/v2\/media?parent=305842"}],"wp:term":[{"taxonomy":"product_brand","embeddable":true,"href":"https:\/\/www.atta45.se\/e-butik\/wp-json\/wp\/v2\/product_brand?post=305842"},{"taxonomy":"product_cat","embeddable":true,"href":"https:\/\/www.atta45.se\/e-butik\/wp-json\/wp\/v2\/product_cat?post=305842"},{"taxonomy":"product_tag","embeddable":true,"href":"https:\/\/www.atta45.se\/e-butik\/wp-json\/wp\/v2\/product_tag?post=305842"}],"curies":[{"name":"wp","href":"https:\/\/api.w.org\/{rel}","templated":true}]}}