{"id":305698,"date":"2025-04-17T01:44:12","date_gmt":"2025-04-16T23:44:12","guid":{"rendered":"https:\/\/www.atta45.se\/e-butik\/produkt\/abs-mattband-jeff\/"},"modified":"2025-10-27T21:14:15","modified_gmt":"2025-10-27T20:14:15","slug":"abs-mattband-jeff","status":"publish","type":"product","link":"https:\/\/www.atta45.se\/e-butik\/produkt\/abs-mattband-jeff\/","title":{"rendered":"ABS m\u00e5ttband Jeff"},"content":{"rendered":"<p>ABS-m\u00e5ttband med bambudetaljer och vattenpass. L\u00e4ngd p\u00e5 3 meter. Inneh\u00e5ller 5 bits f\u00f6r att anv\u00e4nda f\u00f6rem\u00e5let som en skruvmejsel. Individuellt f\u00f6rpackad i en brun kartong.<\/p>\n","protected":false},"excerpt":{"rendered":"<p>ABS-m\u00e5ttband med bambudetaljer och vattenpass. L\u00e4ngd p\u00e5 3 meter. Inneh\u00e5ller 5 bits f\u00f6r att anv\u00e4nda f\u00f6rem\u00e5let som en skruvmejsel. Individuellt f\u00f6rpackad i en brun kartong.<\/p>\n","protected":false},"featured_media":305699,"template":"","meta":{"_acf_changed":false,"_seopress_robots_primary_cat":"","_seopress_titles_title":"","_seopress_titles_desc":"","_seopress_robots_index":""},"product_brand":[],"product_cat":[15],"product_tag":[],"class_list":{"0":"post-305698","1":"product","2":"type-product","3":"status-publish","4":"has-post-thumbnail","6":"product_cat-okategoriserad","7":"atta45_taxonomy-elektronik-kontor-matinstrument-sv","8":"atta45_taxonomy-reflexer-verktyg-sakerhet-mattband-sv","9":"atta45_taxonomy-reflexer-verktyg-sakerhet-verktyg-sv","11":"first","12":"instock","13":"taxable","14":"shipping-taxable","15":"purchasable","16":"product-type-variable"},"acf":[],"_links":{"self":[{"href":"https:\/\/www.atta45.se\/e-butik\/wp-json\/wp\/v2\/product\/305698","targetHints":{"allow":["GET"]}}],"collection":[{"href":"https:\/\/www.atta45.se\/e-butik\/wp-json\/wp\/v2\/product"}],"about":[{"href":"https:\/\/www.atta45.se\/e-butik\/wp-json\/wp\/v2\/types\/product"}],"wp:featuredmedia":[{"embeddable":true,"href":"https:\/\/www.atta45.se\/e-butik\/wp-json\/wp\/v2\/media\/305699"}],"wp:attachment":[{"href":"https:\/\/www.atta45.se\/e-butik\/wp-json\/wp\/v2\/media?parent=305698"}],"wp:term":[{"taxonomy":"product_brand","embeddable":true,"href":"https:\/\/www.atta45.se\/e-butik\/wp-json\/wp\/v2\/product_brand?post=305698"},{"taxonomy":"product_cat","embeddable":true,"href":"https:\/\/www.atta45.se\/e-butik\/wp-json\/wp\/v2\/product_cat?post=305698"},{"taxonomy":"product_tag","embeddable":true,"href":"https:\/\/www.atta45.se\/e-butik\/wp-json\/wp\/v2\/product_tag?post=305698"}],"curies":[{"name":"wp","href":"https:\/\/api.w.org\/{rel}","templated":true}]}}