{"id":305674,"date":"2025-04-17T01:42:13","date_gmt":"2025-04-16T23:42:13","guid":{"rendered":"https:\/\/www.atta45.se\/e-butik\/produkt\/badset-i-bomull-jean\/"},"modified":"2025-10-27T21:13:25","modified_gmt":"2025-10-27T20:13:25","slug":"badset-i-bomull-jean","status":"publish","type":"product","link":"https:\/\/www.atta45.se\/e-butik\/produkt\/badset-i-bomull-jean\/","title":{"rendered":"Badset i bomull Jean"},"content":{"rendered":"<p>Badset i bomull med 4 delar: bambuborste, mjuk svamp, skursvamp och pimpsten (i p\u00e5se). Individuellt f\u00f6rpackad i en bomullsp\u00e5se.<\/p>\n","protected":false},"excerpt":{"rendered":"<p>Badset i bomull med 4 delar: bambuborste, mjuk svamp, skursvamp och pimpsten (i p\u00e5se). Individuellt f\u00f6rpackad i en bomullsp\u00e5se.<\/p>\n","protected":false},"featured_media":305675,"template":"","meta":{"_acf_changed":false,"_seopress_robots_primary_cat":"","_seopress_titles_title":"","_seopress_titles_desc":"","_seopress_robots_index":""},"product_brand":[],"product_cat":[15],"product_tag":[],"class_list":{"0":"post-305674","1":"product","2":"type-product","3":"status-publish","4":"has-post-thumbnail","6":"product_cat-okategoriserad","7":"atta45_taxonomy-tema-inspiration-grona-intryck-bambu-sv","8":"atta45_taxonomy-tema-inspiration-grona-intryck-sv","9":"atta45_taxonomy-hem-hushall-sv","10":"atta45_taxonomy-tema-inspiration-grona-intryck-kork-sv","12":"first","13":"instock","14":"taxable","15":"shipping-taxable","16":"purchasable","17":"product-type-variable"},"acf":[],"_links":{"self":[{"href":"https:\/\/www.atta45.se\/e-butik\/wp-json\/wp\/v2\/product\/305674","targetHints":{"allow":["GET"]}}],"collection":[{"href":"https:\/\/www.atta45.se\/e-butik\/wp-json\/wp\/v2\/product"}],"about":[{"href":"https:\/\/www.atta45.se\/e-butik\/wp-json\/wp\/v2\/types\/product"}],"wp:featuredmedia":[{"embeddable":true,"href":"https:\/\/www.atta45.se\/e-butik\/wp-json\/wp\/v2\/media\/305675"}],"wp:attachment":[{"href":"https:\/\/www.atta45.se\/e-butik\/wp-json\/wp\/v2\/media?parent=305674"}],"wp:term":[{"taxonomy":"product_brand","embeddable":true,"href":"https:\/\/www.atta45.se\/e-butik\/wp-json\/wp\/v2\/product_brand?post=305674"},{"taxonomy":"product_cat","embeddable":true,"href":"https:\/\/www.atta45.se\/e-butik\/wp-json\/wp\/v2\/product_cat?post=305674"},{"taxonomy":"product_tag","embeddable":true,"href":"https:\/\/www.atta45.se\/e-butik\/wp-json\/wp\/v2\/product_tag?post=305674"}],"curies":[{"name":"wp","href":"https:\/\/api.w.org\/{rel}","templated":true}]}}