{"id":304459,"date":"2025-04-16T22:47:15","date_gmt":"2025-04-16T20:47:15","guid":{"rendered":"https:\/\/www.atta45.se\/e-butik\/produkt\/brandcharger-trident-2-laddningskabel\/"},"modified":"2025-10-27T20:56:56","modified_gmt":"2025-10-27T19:56:56","slug":"brandcharger-trident-2-laddningskabel","status":"publish","type":"product","link":"https:\/\/www.atta45.se\/e-butik\/produkt\/brandcharger-trident-2-laddningskabel\/","title":{"rendered":"Laddningskabel, BrandCharger Trident 2+"},"content":{"rendered":"<p>Trident 2+ ultrastarka laddningskabel \u00e4r byggd f\u00f6r att h\u00e5lla, med en livsl\u00e4ngd p\u00e5 \u00f6ver 12 000 b\u00f6jar \u2013 sex g\u00e5nger starkare \u00e4n standardkablar. Dess aluminiumbas och f\u00f6rst\u00e4rkta nylonfl\u00e4tade jacka ger h\u00e5llbarhet och en elegant design. Denna USB-A till Micro\/Typ-C\/Lightning-kabel s\u00e4kerst\u00e4ller p\u00e5litlig laddning \u00f6ver alla kompatibla enheter.<\/p>\n","protected":false},"excerpt":{"rendered":"<p>Trident 2+ ultrastarka laddningskabel \u00e4r byggd f\u00f6r att h\u00e5lla, med en livsl\u00e4ngd p\u00e5 \u00f6ver 12 000 b\u00f6jar \u2013 sex g\u00e5nger starkare \u00e4n standardkablar. Dess aluminiumbas och f\u00f6rst\u00e4rkta nylonfl\u00e4tade jacka ger h\u00e5llbarhet och en elegant design. Denna USB-A till Micro\/Typ-C\/Lightning-kabel s\u00e4kerst\u00e4ller p\u00e5litlig laddning \u00f6ver alla kompatibla enheter.<\/p>\n","protected":false},"featured_media":304460,"template":"","meta":{"_acf_changed":false,"_seopress_robots_primary_cat":"","_seopress_titles_title":"","_seopress_titles_desc":"","_seopress_robots_index":""},"product_brand":[],"product_cat":[15],"product_tag":[],"class_list":{"0":"post-304459","1":"product","2":"type-product","3":"status-publish","4":"has-post-thumbnail","6":"product_cat-okategoriserad","7":"atta45_taxonomy-elektronik-kontor-datortillbehor-sv","8":"atta45_taxonomy-elektronik-kontor-sv","9":"atta45_taxonomy-elektronik-kontor-kontorsartiklar-sv","10":"atta45_taxonomy-mobiltillbehor-mobiltillbehor-sv","11":"atta45_taxonomy-nyheter-sv","12":"atta45_taxonomy-tema-inspiration-utvalda-produkter-nyheter-sv","13":"atta45_taxonomy-elektronik-kontor-powerbank-speakers-sv","14":"atta45_taxonomy-tema-inspiration-varumarken-sv","16":"first","17":"instock","18":"taxable","19":"shipping-taxable","20":"purchasable","21":"product-type-variable"},"acf":[],"_links":{"self":[{"href":"https:\/\/www.atta45.se\/e-butik\/wp-json\/wp\/v2\/product\/304459","targetHints":{"allow":["GET"]}}],"collection":[{"href":"https:\/\/www.atta45.se\/e-butik\/wp-json\/wp\/v2\/product"}],"about":[{"href":"https:\/\/www.atta45.se\/e-butik\/wp-json\/wp\/v2\/types\/product"}],"wp:featuredmedia":[{"embeddable":true,"href":"https:\/\/www.atta45.se\/e-butik\/wp-json\/wp\/v2\/media\/304460"}],"wp:attachment":[{"href":"https:\/\/www.atta45.se\/e-butik\/wp-json\/wp\/v2\/media?parent=304459"}],"wp:term":[{"taxonomy":"product_brand","embeddable":true,"href":"https:\/\/www.atta45.se\/e-butik\/wp-json\/wp\/v2\/product_brand?post=304459"},{"taxonomy":"product_cat","embeddable":true,"href":"https:\/\/www.atta45.se\/e-butik\/wp-json\/wp\/v2\/product_cat?post=304459"},{"taxonomy":"product_tag","embeddable":true,"href":"https:\/\/www.atta45.se\/e-butik\/wp-json\/wp\/v2\/product_tag?post=304459"}],"curies":[{"name":"wp","href":"https:\/\/api.w.org\/{rel}","templated":true}]}}