{"id":304402,"date":"2025-04-16T22:42:13","date_gmt":"2025-04-16T20:42:13","guid":{"rendered":"https:\/\/www.atta45.se\/e-butik\/produkt\/brandcharger-evopad-charge-tradlos-laddare\/"},"modified":"2025-10-27T20:55:33","modified_gmt":"2025-10-27T19:55:33","slug":"brandcharger-evopad-charge-tradlos-laddare","status":"publish","type":"product","link":"https:\/\/www.atta45.se\/e-butik\/produkt\/brandcharger-evopad-charge-tradlos-laddare\/","title":{"rendered":"BrandCharger Evopad Charge tr\u00e5dl\u00f6s laddare"},"content":{"rendered":"<p>F\u00f6rvandla din arbetsyta med Evopad! Detta multifunktionella verktyg \u00e4r tillverkat av \u00e5tervunna PET-flaskor och kombinerar en tr\u00e5dl\u00f6s laddare, musmatta, telefonh\u00e5llare och pennh\u00e5llare i en kompakt design. Oavsett om du \u00e4r p\u00e5 kontoret, hemma eller p\u00e5 ett kaf\u00e9, h\u00e5ller Evopad din arbetsyta organiserad, st\u00e4dad och fulladdad var du \u00e4n g\u00e5r.<\/p>\n","protected":false},"excerpt":{"rendered":"<p>F\u00f6rvandla din arbetsyta med Evopad! Detta multifunktionella verktyg \u00e4r tillverkat av \u00e5tervunna PET-flaskor och kombinerar en tr\u00e5dl\u00f6s laddare, musmatta, telefonh\u00e5llare och pennh\u00e5llare i en kompakt design. Oavsett om du \u00e4r p\u00e5 kontoret, hemma eller p\u00e5 ett kaf\u00e9, h\u00e5ller Evopad din arbetsyta organiserad, st\u00e4dad och fulladdad var du \u00e4n g\u00e5r.<\/p>\n","protected":false},"featured_media":304403,"template":"","meta":{"_acf_changed":false,"_seopress_robots_primary_cat":"","_seopress_titles_title":"","_seopress_titles_desc":"","_seopress_robots_index":""},"product_brand":[],"product_cat":[15],"product_tag":[],"class_list":{"0":"post-304402","1":"product","2":"type-product","3":"status-publish","4":"has-post-thumbnail","6":"product_cat-okategoriserad","7":"atta45_taxonomy-elektronik-kontor-datortillbehor-sv","8":"atta45_taxonomy-elektronik-kontor-sv","9":"atta45_taxonomy-elektronik-kontor-kontorsartiklar-sv","10":"atta45_taxonomy-mobiltillbehor-mobiltillbehor-sv","11":"atta45_taxonomy-tema-inspiration-utvalda-produkter-nyheter-sv","12":"atta45_taxonomy-nyheter-sv","13":"atta45_taxonomy-elektronik-kontor-powerbank-speakers-sv","14":"atta45_taxonomy-tema-inspiration-varumarken-sv","16":"first","17":"instock","18":"taxable","19":"shipping-taxable","20":"purchasable","21":"product-type-variable"},"acf":[],"_links":{"self":[{"href":"https:\/\/www.atta45.se\/e-butik\/wp-json\/wp\/v2\/product\/304402","targetHints":{"allow":["GET"]}}],"collection":[{"href":"https:\/\/www.atta45.se\/e-butik\/wp-json\/wp\/v2\/product"}],"about":[{"href":"https:\/\/www.atta45.se\/e-butik\/wp-json\/wp\/v2\/types\/product"}],"wp:featuredmedia":[{"embeddable":true,"href":"https:\/\/www.atta45.se\/e-butik\/wp-json\/wp\/v2\/media\/304403"}],"wp:attachment":[{"href":"https:\/\/www.atta45.se\/e-butik\/wp-json\/wp\/v2\/media?parent=304402"}],"wp:term":[{"taxonomy":"product_brand","embeddable":true,"href":"https:\/\/www.atta45.se\/e-butik\/wp-json\/wp\/v2\/product_brand?post=304402"},{"taxonomy":"product_cat","embeddable":true,"href":"https:\/\/www.atta45.se\/e-butik\/wp-json\/wp\/v2\/product_cat?post=304402"},{"taxonomy":"product_tag","embeddable":true,"href":"https:\/\/www.atta45.se\/e-butik\/wp-json\/wp\/v2\/product_tag?post=304402"}],"curies":[{"name":"wp","href":"https:\/\/api.w.org\/{rel}","templated":true}]}}

BrandCharger Evopad Charge trådlös laddare

<p>Förvandla din arbetsyta med Evopad! Detta multifunktionella verktyg är tillverkat av återvunna PET-flaskor och kombinerar en trådlös laddare, musmatta, telefonhållare och pennhållare i en kompakt design. Oavsett om du är på kontoret, hemma eller på ett kafé, håller Evopad din arbetsyta organiserad, städad och fulladdad var du än går.</p>
